{"id":90,"date":"2026-07-25T11:05:53","date_gmt":"2026-07-25T11:05:53","guid":{"rendered":"https:\/\/pepe264.net3d.hu\/?page_id=90"},"modified":"2026-07-26T20:18:38","modified_gmt":"2026-07-26T20:18:38","slug":"peresztegi-nagy-kinga","status":"publish","type":"page","link":"https:\/\/pepe264.net3d.hu\/?page_id=90","title":{"rendered":"PERESZTEGI NAGY KINGA"},"content":{"rendered":"\n<figure class=\"wp-block-image size-full\"><img loading=\"lazy\" decoding=\"async\" width=\"826\" height=\"470\" src=\"https:\/\/pepe264.net3d.hu\/wp-content\/uploads\/2026\/07\/Screen-Shot-2026-07-25-at-13.02.03.png\" alt=\"\" class=\"wp-image-92\" srcset=\"https:\/\/pepe264.net3d.hu\/wp-content\/uploads\/2026\/07\/Screen-Shot-2026-07-25-at-13.02.03.png 826w, https:\/\/pepe264.net3d.hu\/wp-content\/uploads\/2026\/07\/Screen-Shot-2026-07-25-at-13.02.03-300x171.png 300w, https:\/\/pepe264.net3d.hu\/wp-content\/uploads\/2026\/07\/Screen-Shot-2026-07-25-at-13.02.03-768x437.png 768w\" sizes=\"auto, (max-width: 826px) 100vw, 826px\" \/><\/figure>\n\n\n\n<p class=\"wp-block-paragraph\"><strong>U19-es Eur\u00f3pa-bajnoki ez\u00fcst\u00e9rmes \u00e9s U20-as vil\u00e1gbajnoki bronz\u00e9rmes<\/strong>, <strong>majd feln\u0151tt v\u00e1logatott kerettag v\u00edzilabd\u00e1z\u00f3. <\/strong> Peresztegi-Nagy Kinga a gy\u0151ri n\u0151i v\u00edzilabda saj\u00e1t nevel\u00e9s\u0171 j\u00e1t\u00e9kosa, aki az ut\u00e1np\u00f3tl\u00e1sban koroszt\u00e1lya egyik legtehets\u00e9gesebb p\u00f3l\u00f3sak\u00e9nt h\u00edvta fel mag\u00e1ra a figyelmet. Sokoldal\u00fa j\u00e1t\u00e9k\u00e1val, k\u00fczdeni tud\u00e1s\u00e1val \u00e9s g\u00f3ler\u0151ss\u00e9g\u00e9vel hamar a magyar koroszt\u00e1lyos v\u00e1logatottak meghat\u00e1roz\u00f3 tagj\u00e1v\u00e1 v\u00e1lt, majd a feln\u0151tt v\u00e1logatott keret\u00e9be is eljutott.<\/p>\n\n\n\n<p class=\"wp-block-paragraph\">\u201eGy\u0151rben szerettem meg a v\u00edzilabd\u00e1t, itt kaptam meg azokat az alapokat, amelyekre az eg\u00e9sz p\u00e1lyafut\u00e1somat \u00e9p\u00edthettem.\u201d<\/p>\n\n\n\n<p class=\"wp-block-paragraph\">A 2010-es \u00e9vek m\u00e1sodik fel\u00e9ben a Gy\u0151ri VSE ut\u00e1np\u00f3tl\u00e1s\u00e1nak meghat\u00e1roz\u00f3 j\u00e1t\u00e9kosa volt, t\u00f6bb orsz\u00e1gos bajnoki dobog\u00f3s helyez\u00e9s r\u00e9szese. Teljes\u00edtm\u00e9ny\u00e9vel ki\u00e9rdemelte a magyar koroszt\u00e1lyos v\u00e1logatott megh\u00edv\u00f3j\u00e1t, \u00e9s m\u00e1r tizen\u00e9vesen rendszeresen szerepelt nemzetk\u00f6zi torn\u00e1kon.<\/p>\n\n\n\n<p class=\"wp-block-paragraph\"><strong>2019-ben<\/strong> tagja volt a portug\u00e1liai Santar\u00e9mben rendezett <strong>U19-es Eur\u00f3pa-bajnoks\u00e1gon ez\u00fcst\u00e9rmes<\/strong> magyar v\u00e1logatottnak. Ez jelentette els\u0151 jelent\u0151s nemzetk\u00f6zi siker\u00e9t magyar c\u00edmeres sapk\u00e1ban. <strong>2021-ben<\/strong> a netanyai <strong>U20-as vil\u00e1gbajnoks\u00e1gon bronz\u00e9rmet<\/strong> szerzett a magyar v\u00e1logatottal, majd ugyanebben az \u00e9vben klubot v\u00e1ltott, \u00e9s az UVSE j\u00e1t\u00e9kosa lett, ahol r\u00f6vid id\u0151 alatt a csapat meghat\u00e1roz\u00f3 p\u00f3l\u00f3s\u00e1v\u00e1 fejl\u0151d\u00f6tt. Az UVSE sz\u00edneiben t\u00f6bb hazai sikert \u00e9rt el. <strong>2023-ban<\/strong> Magyar Kup\u00e1t nyert, ezt k\u00f6vet\u0151en pedig a Bajnokok Lig\u00e1j\u00e1ban \u00e9s a magyar bajnoks\u00e1gban is meghat\u00e1roz\u00f3 szerepet v\u00e1llalt. Eredm\u00e9nyes klubj\u00e1t\u00e9k\u00e1nak k\u00f6sz\u00f6nhet\u0151en egyre gyakrabban kapott megh\u00edv\u00f3t a feln\u0151tt magyar v\u00e1logatottba.<\/p>\n\n\n\n<p class=\"wp-block-paragraph\"><strong>2024-ben<\/strong> szerepelt a vil\u00e1gkupa-selejtez\u0151n k\u00e9sz\u00fcl\u0151 magyar v\u00e1logatott keret\u00e9ben, ahol t\u00f6bb m\u00e9rk\u0151z\u00e9sen is lehet\u0151s\u00e9get kapott. Posztot is v\u00e1ltott: eredetileg balkezes t\u00e1mad\u00f3k\u00e9nt szerepelt, k\u00e9s\u0151bb bekkk\u00e9nt v\u00e1lt a v\u00e1logatott egyik \u00edg\u00e9retes j\u00e1t\u00e9kos\u00e1v\u00e1. Ez a v\u00e1ltoztat\u00e1s jelent\u0151sen n\u00f6velte es\u00e9lyeit arra, hogy hossz\u00fa t\u00e1von is a nemzeti csapat meghat\u00e1roz\u00f3 tagja legyen.<strong>2025-ben<\/strong> tagja volt a szingap\u00fari vil\u00e1gbajnoks\u00e1gra k\u00e9sz\u00fcl\u0151 magyar v\u00e1logatott keretnek, amely v\u00e9g\u00fcl vil\u00e1gbajnoki ez\u00fcst\u00e9rmet szerzett. B\u00e1r a torna m\u00e9rk\u0151z\u00e9sein nem jutott j\u00e1t\u00e9klehet\u0151s\u00e9ghez, a vb-keretbe ker\u00fcl\u00e9se is j\u00f3l mutatta, hogy a szakmai st\u00e1b hossz\u00fa t\u00e1von sz\u00e1mol vele.<\/p>\n\n\n\n<p class=\"wp-block-paragraph\">Peresztegi-Nagy Kinga p\u00e1lyafut\u00e1sa j\u00f3l p\u00e9ld\u00e1zza a gy\u0151ri ut\u00e1np\u00f3tl\u00e1s-nevel\u00e9s eredm\u00e9nyess\u00e9g\u00e9t. Saj\u00e1t nevel\u00e9s\u0171 j\u00e1t\u00e9kosk\u00e9nt jutott el a koroszt\u00e1lyos v\u00e1logatottakt\u00f3l a magyar \u00e9lvonalon \u00e1t a feln\u0151tt nemzeti csapatig. Sokoldal\u00fas\u00e1ga, kiv\u00e1l\u00f3 v\u00e9dekez\u0151munk\u00e1ja \u00e9s nagy munkab\u00edr\u00e1sa alapj\u00e1n a magyar n\u0151i v\u00edzilabda \u00faj gener\u00e1ci\u00f3j\u00e1nak egyik meghat\u00e1roz\u00f3 j\u00e1t\u00e9kos\u00e1v\u00e1 v\u00e1lhat.<\/p>\n\n\n\n<p class=\"wp-block-paragraph\"><\/p>\n","protected":false},"excerpt":{"rendered":"<p>U19-es Eur\u00f3pa-bajnoki ez\u00fcst\u00e9rmes \u00e9s U20-as vil\u00e1gbajnoki bronz\u00e9rmes, majd feln\u0151tt v\u00e1logatott kerettag v\u00edzilabd\u00e1z\u00f3. <\/p>\n","protected":false},"author":1,"featured_media":92,"parent":0,"menu_order":0,"comment_status":"closed","ping_status":"closed","template":"","meta":{"footnotes":""},"class_list":["post-90","page","type-page","status-publish","has-post-thumbnail","hentry"],"_links":{"self":[{"href":"https:\/\/pepe264.net3d.hu\/index.php?rest_route=\/wp\/v2\/pages\/90","targetHints":{"allow":["GET"]}}],"collection":[{"href":"https:\/\/pepe264.net3d.hu\/index.php?rest_route=\/wp\/v2\/pages"}],"about":[{"href":"https:\/\/pepe264.net3d.hu\/index.php?rest_route=\/wp\/v2\/types\/page"}],"author":[{"embeddable":true,"href":"https:\/\/pepe264.net3d.hu\/index.php?rest_route=\/wp\/v2\/users\/1"}],"replies":[{"embeddable":true,"href":"https:\/\/pepe264.net3d.hu\/index.php?rest_route=%2Fwp%2Fv2%2Fcomments&post=90"}],"version-history":[{"count":4,"href":"https:\/\/pepe264.net3d.hu\/index.php?rest_route=\/wp\/v2\/pages\/90\/revisions"}],"predecessor-version":[{"id":307,"href":"https:\/\/pepe264.net3d.hu\/index.php?rest_route=\/wp\/v2\/pages\/90\/revisions\/307"}],"wp:featuredmedia":[{"embeddable":true,"href":"https:\/\/pepe264.net3d.hu\/index.php?rest_route=\/wp\/v2\/media\/92"}],"wp:attachment":[{"href":"https:\/\/pepe264.net3d.hu\/index.php?rest_route=%2Fwp%2Fv2%2Fmedia&parent=90"}],"curies":[{"name":"wp","href":"https:\/\/api.w.org\/{rel}","templated":true}]}}

<figure class="wp-block-image size-full"><img loading="lazy" decoding="async" width="826" height="470" src="https://pepe264.net3d.hu/wp-content/uploads/2026/07/Screen-Shot-2026-07-25-at-13.02.03.png" alt="" class="wp-image-92" srcset="https://pepe264.net3d.hu/wp-content/uploads/2026/07/Screen-Shot-2026-07-25-at-13.02.03.png 826w, https://pepe264.net3d.hu/wp-content/uploads/2026/07/Screen-Shot-2026-07-25-at-13.02.03-300x171.png 300w, https://pepe264.net3d.hu/wp-content/uploads/2026/07/Screen-Shot-2026-07-25-at-13.02.03-768x437.png 768w" sizes="auto, (max-width: 826px) 100vw, 826px" /></figure>



<p class="wp-block-paragraph"><strong>U19-es Európa-bajnoki ezüstérmes és U20-as világbajnoki bronzérmes</strong>, <strong>majd felnőtt válogatott kerettag vízilabdázó. </strong> Peresztegi-Nagy Kinga a győri női vízilabda saját nevelésű játékosa, aki az utánpótlásban korosztálya egyik legtehetségesebb pólósaként hívta fel magára a figyelmet. Sokoldalú játékával, küzdeni tudásával és gólerősségével hamar a magyar korosztályos válogatottak meghatározó tagjává vált, majd a felnőtt válogatott keretébe is eljutott.</p>



<p class="wp-block-paragraph">„Győrben szerettem meg a vízilabdát, itt kaptam meg azokat az alapokat, amelyekre az egész pályafutásomat építhettem.”</p>



<p class="wp-block-paragraph">A 2010-es évek második felében a Győri VSE utánpótlásának meghatározó játékosa volt, több országos bajnoki dobogós helyezés részese. Teljesítményével kiérdemelte a magyar korosztályos válogatott meghívóját, és már tizenévesen rendszeresen szerepelt nemzetközi tornákon.</p>



<p class="wp-block-paragraph"><strong>2019-ben</strong> tagja volt a portugáliai Santarémben rendezett <strong>U19-es Európa-bajnokságon ezüstérmes</strong> magyar válogatottnak. Ez jelentette első jelentős nemzetközi sikerét magyar címeres sapkában. <strong>2021-ben</strong> a netanyai <strong>U20-as világbajnokságon bronzérmet</strong> szerzett a magyar válogatottal, majd ugyanebben az évben klubot váltott, és az UVSE játékosa lett, ahol rövid idő alatt a csapat meghatározó pólósává fejlődött. Az UVSE színeiben több hazai sikert ért el. <strong>2023-ban</strong> Magyar Kupát nyert, ezt követően pedig a Bajnokok Ligájában és a magyar bajnokságban is meghatározó szerepet vállalt. Eredményes klubjátékának köszönhetően egyre gyakrabban kapott meghívót a felnőtt magyar válogatottba.</p>



<p class="wp-block-paragraph"><strong>2024-ben</strong> szerepelt a világkupa-selejtezőn készülő magyar válogatott keretében, ahol több mérkőzésen is lehetőséget kapott. Posztot is váltott: eredetileg balkezes támadóként szerepelt, később bekkként vált a válogatott egyik ígéretes játékosává. Ez a változtatás jelentősen növelte esélyeit arra, hogy hosszú távon is a nemzeti csapat meghatározó tagja legyen.<strong>2025-ben</strong> tagja volt a szingapúri világbajnokságra készülő magyar válogatott keretnek, amely végül világbajnoki ezüstérmet szerzett. Bár a torna mérkőzésein nem jutott játéklehetőséghez, a vb-keretbe kerülése is jól mutatta, hogy a szakmai stáb hosszú távon számol vele.</p>



<p class="wp-block-paragraph">Peresztegi-Nagy Kinga pályafutása jól példázza a győri utánpótlás-nevelés eredményességét. Saját nevelésű játékosként jutott el a korosztályos válogatottaktól a magyar élvonalon át a felnőtt nemzeti csapatig. Sokoldalúsága, kiváló védekezőmunkája és nagy munkabírása alapján a magyar női vízilabda új generációjának egyik meghatározó játékosává válhat.</p>



<p class="wp-block-paragraph"></p>

<p>U19-es Európa-bajnoki ezüstérmes és U20-as világbajnoki bronzérmes, majd felnőtt válogatott kerettag vízilabdázó. </p>
