{"id":7,"date":"2026-07-11T07:36:17","date_gmt":"2026-07-11T07:36:17","guid":{"rendered":"https:\/\/pepe264.net3d.hu\/?page_id=7"},"modified":"2026-07-26T20:10:02","modified_gmt":"2026-07-26T20:10:02","slug":"biro-attila","status":"publish","type":"page","link":"https:\/\/pepe264.net3d.hu\/?page_id=7","title":{"rendered":"B\u00cdR\u00d3 ATTILA"},"content":{"rendered":"\n<p class=\"wp-block-paragraph\">B\u00edr\u00f3 Attila a magyar v\u00edzilabda egyik legismertebb edz\u0151je, aki els\u0151sorban a magyar n\u0151i v\u00e1logatott sz\u00f6vets\u00e9gi kapit\u00e1nyak\u00e9nt v\u00e1lt nemzetk\u00f6zileg ismertt\u00e9. Ir\u00e1ny\u00edt\u00e1sa alatt a magyar n\u0151i v\u00edzilabda t\u00f6rt\u00e9net\u00e9nek egyik legsikeresebb id\u0151szak\u00e1t \u00e9lte.<\/p>\n\n\n\n<h3 class=\"wp-block-heading\">P\u00e1lyafut\u00e1sa j\u00e1t\u00e9kosk\u00e9nt<\/h3>\n\n\n\n<ul class=\"wp-block-list\">\n<li>Egerben sz\u00fcletett \u00e9s \u00edgy az ottani ut\u00e1np\u00f3tl\u00e1sban nevelkedett, majd a Ferencv\u00e1rosban \u00e9s k\u00fclf\u00f6ld\u00f6n (Olaszorsz\u00e1gban \u00e9s G\u00f6r\u00f6gorsz\u00e1gban) is j\u00e1tszott.<\/li>\n\n\n\n<li>M\u00e1r akt\u00edv j\u00e1t\u00e9kosk\u00e9nt \u00e9rdekl\u0151d\u00f6tt az edz\u0151i munka ir\u00e1nt, k\u00fcl\u00f6n\u00f6sen az olasz v\u00edzilabda szakmai m\u00f3dszereit tanulm\u00e1nyozta.<\/li>\n<\/ul>\n\n\n\n<h3 class=\"wp-block-heading\">Edz\u0151i p\u00e1lyafut\u00e1sa<\/h3>\n\n\n\n<p class=\"wp-block-paragraph\">Klubedz\u0151k\u00e9nt t\u00f6bb magyar egyes\u00fcletn\u00e9l dolgozott:<\/p>\n\n\n\n<ul class=\"wp-block-list\">\n<li>FTC<\/li>\n\n\n\n<li>OSC<\/li>\n\n\n\n<li>Miskolc<\/li>\n<\/ul>\n\n\n\n<p class=\"wp-block-paragraph\">Emellett \u00e9veket t\u00f6lt\u00f6tt \u00daj-Z\u00e9landon, ahol nemcsak a n\u0151i v\u00e1logatottat ir\u00e1ny\u00edtotta, hanem az ut\u00e1np\u00f3tl\u00e1s- \u00e9s edz\u0151k\u00e9pz\u00e9si rendszert is fejlesztette. Saj\u00e1t elmond\u00e1sa szerint itt ismerte meg igaz\u00e1n a n\u0151i v\u00edzilabd\u00e1t, \u00e9s ez k\u00e9s\u0151bb meghat\u00e1rozta az edz\u0151i filoz\u00f3fi\u00e1j\u00e1t.<\/p>\n\n\n\n<h3 class=\"wp-block-heading\">A magyar n\u0151i v\u00e1logatott \u00e9l\u00e9n (2016\u20132023)<\/h3>\n\n\n\n<p class=\"wp-block-paragraph\">2015 v\u00e9g\u00e9n nevezt\u00e9k ki sz\u00f6vets\u00e9gi kapit\u00e1nynak, \u00e9s 2016-t\u00f3l vezette a v\u00e1logatottat. M\u00e1r els\u0151 nagy torn\u00e1j\u00e1n Eur\u00f3pa-bajnoki c\u00edmet nyert a csapattal.<\/p>\n\n\n\n<p class=\"wp-block-paragraph\">Legfontosabb eredm\u00e9nyei:<\/p>\n\n\n\n<ul class=\"wp-block-list\">\n<li>Eur\u00f3pa-bajnok (2016)<\/li>\n\n\n\n<li>Eur\u00f3pa-bajnoki bronz (2020)<\/li>\n\n\n\n<li>Vil\u00e1gbajnoki ez\u00fcst (2022)<\/li>\n\n\n\n<li>Olimpiai bronz (Toki\u00f3 2021) \u2013 <strong>a magyar n\u0151i v\u00edzilabda els\u0151 olimpiai \u00e9rme<\/strong><\/li>\n\n\n\n<li>t\u00f6bb Vil\u00e1gliga-\u00e9rem \u00e9s vil\u00e1gverseny-el\u0151d\u00f6nt\u0151.<\/li>\n<\/ul>\n\n\n\n<p class=\"wp-block-paragraph\">A 2023-as fukuokai vil\u00e1gbajnoks\u00e1g ut\u00e1n \u2013 ahol a magyar csapat a 6. helyen v\u00e9gzett \u2013 a Magyar V\u00edzilabda Sz\u00f6vets\u00e9g felmentette a sz\u00f6vets\u00e9gi kapit\u00e1nyi tiszts\u00e9g\u00e9b\u0151l. B\u00facs\u00fanyilatkozat\u00e1ban \u00fagy fogalmazott:<\/p>\n\n\n\n<blockquote class=\"wp-block-quote is-layout-flow wp-block-quote-is-layout-flow\">\n<p class=\"wp-block-paragraph\">\u201e\u00c9letem legszebb nyolc \u00e9v\u00e9t t\u00f6lt\u00f6ttem a n\u0151i v\u00e1logatott mellett.\u201d<\/p>\n<\/blockquote>\n\n\n\n<h3 class=\"wp-block-heading\">Edz\u0151i filoz\u00f3fi\u00e1ja<\/h3>\n\n\n\n<p class=\"wp-block-paragraph\">B\u00edr\u00f3 Attila gyakran hangs\u00falyozza, hogy:<\/p>\n\n\n\n<ul class=\"wp-block-list\">\n<li>a n\u0151i v\u00edzilabd\u00e1ban k\u00fcl\u00f6n\u00f6sen fontos a taktikai felk\u00e9sz\u00edt\u00e9s;<\/li>\n\n\n\n<li>az edz\u0151nek \u00e9rtenie kell a j\u00e1t\u00e9kosok lelki \u00e1llapot\u00e1t is;<\/li>\n\n\n\n<li>a siker alapja a fegyelem, a csapategys\u00e9g \u00e9s a folyamatos fejl\u0151d\u00e9s.<\/li>\n<\/ul>\n\n\n\n<p class=\"wp-block-paragraph\">Edz\u0151i st\u00edlus\u00e1t a j\u00e1t\u00e9kosok k\u00f6vetkezetesnek, ugyanakkor emberk\u00f6zpont\u00fanak \u00edrj\u00e1k le. \u0150 maga t\u00f6bbsz\u00f6r nyilatkozta, hogy a n\u0151i csapatokkal val\u00f3 munka m\u00e1sfajta kommunik\u00e1ci\u00f3t ig\u00e9nyel, mint a f\u00e9rfiakkal.<\/p>\n\n\n\n<h3 class=\"wp-block-heading\">A v\u00edzilabd\u00e1n k\u00edv\u00fcl<\/h3>\n\n\n\n<p class=\"wp-block-paragraph\">Kevesebben tudj\u00e1k r\u00f3la, hogy:<\/p>\n\n\n\n<ul class=\"wp-block-list\">\n<li>komolyan foglalkozik <strong>bor\u00e1szattal \u00e9s sz\u0151l\u00e9szettel<\/strong>;<\/li>\n\n\n\n<li>tanult a Testnevel\u00e9si Egyetemen, ahol edz\u0151i ismereteit tov\u00e1bb m\u00e9ly\u00edtette;<\/li>\n\n\n\n<li>mesteredz\u0151i c\u00edmet kapott 2022-ben.<\/li>\n<\/ul>\n\n\n\n<h3 class=\"wp-block-heading\">Mi\u00e9rt tartj\u00e1k kiemelked\u0151 edz\u0151nek?<\/h3>\n\n\n\n<p class=\"wp-block-paragraph\">Szakmai k\u00f6r\u00f6kben az\u00e9rt becs\u00fclik nagyra, mert:<\/p>\n\n\n\n<ul class=\"wp-block-list\">\n<li>k\u00e9pes volt r\u00f6vid id\u0151 alatt \u00e9lcsapatt\u00e1 form\u00e1lni a magyar n\u0151i v\u00e1logatottat;<\/li>\n\n\n\n<li>sz\u00e1mos fiatal j\u00e1t\u00e9kost \u00e9p\u00edtett be sikeresen a nemzeti csapatba;<\/li>\n\n\n\n<li>az \u0151 ir\u00e1ny\u00edt\u00e1sa alatt szerezte meg a magyar n\u0151i v\u00edzilabda t\u00f6rt\u00e9net\u00e9nek els\u0151 olimpiai \u00e9rm\u00e9t;<\/li>\n\n\n\n<li>nagy hangs\u00falyt fektetett a taktikai felk\u00e9sz\u00edt\u00e9sre \u00e9s a csapatkoh\u00e9zi\u00f3ra.<\/li>\n<\/ul>\n","protected":false},"excerpt":{"rendered":"<p> a n\u0151i szak\u00e1g vezet\u0151je<\/p>\n","protected":false},"author":1,"featured_media":291,"parent":0,"menu_order":0,"comment_status":"closed","ping_status":"closed","template":"","meta":{"footnotes":""},"class_list":["post-7","page","type-page","status-publish","has-post-thumbnail","hentry"],"_links":{"self":[{"href":"https:\/\/pepe264.net3d.hu\/index.php?rest_route=\/wp\/v2\/pages\/7","targetHints":{"allow":["GET"]}}],"collection":[{"href":"https:\/\/pepe264.net3d.hu\/index.php?rest_route=\/wp\/v2\/pages"}],"about":[{"href":"https:\/\/pepe264.net3d.hu\/index.php?rest_route=\/wp\/v2\/types\/page"}],"author":[{"embeddable":true,"href":"https:\/\/pepe264.net3d.hu\/index.php?rest_route=\/wp\/v2\/users\/1"}],"replies":[{"embeddable":true,"href":"https:\/\/pepe264.net3d.hu\/index.php?rest_route=%2Fwp%2Fv2%2Fcomments&post=7"}],"version-history":[{"count":3,"href":"https:\/\/pepe264.net3d.hu\/index.php?rest_route=\/wp\/v2\/pages\/7\/revisions"}],"predecessor-version":[{"id":302,"href":"https:\/\/pepe264.net3d.hu\/index.php?rest_route=\/wp\/v2\/pages\/7\/revisions\/302"}],"wp:featuredmedia":[{"embeddable":true,"href":"https:\/\/pepe264.net3d.hu\/index.php?rest_route=\/wp\/v2\/media\/291"}],"wp:attachment":[{"href":"https:\/\/pepe264.net3d.hu\/index.php?rest_route=%2Fwp%2Fv2%2Fmedia&parent=7"}],"curies":[{"name":"wp","href":"https:\/\/api.w.org\/{rel}","templated":true}]}}

BÍRÓ ATTILA

<p class="wp-block-paragraph">Bíró Attila a magyar vízilabda egyik legismertebb edzője, aki elsősorban a magyar női válogatott szövetségi kapitányaként vált nemzetközileg ismertté. Irányítása alatt a magyar női vízilabda történetének egyik legsikeresebb időszakát élte.</p>



<h3 class="wp-block-heading">Pályafutása játékosként</h3>



<ul class="wp-block-list">
<li>Egerben született és így az ottani utánpótlásban nevelkedett, majd a Ferencvárosban és külföldön (Olaszországban és Görögországban) is játszott.</li>



<li>Már aktív játékosként érdeklődött az edzői munka iránt, különösen az olasz vízilabda szakmai módszereit tanulmányozta.</li>
</ul>



<h3 class="wp-block-heading">Edzői pályafutása</h3>



<p class="wp-block-paragraph">Klubedzőként több magyar egyesületnél dolgozott:</p>



<ul class="wp-block-list">
<li>FTC</li>



<li>OSC</li>



<li>Miskolc</li>
</ul>



<p class="wp-block-paragraph">Emellett éveket töltött Új-Zélandon, ahol nemcsak a női válogatottat irányította, hanem az utánpótlás- és edzőképzési rendszert is fejlesztette. Saját elmondása szerint itt ismerte meg igazán a női vízilabdát, és ez később meghatározta az edzői filozófiáját.</p>



<h3 class="wp-block-heading">A magyar női válogatott élén (2016–2023)</h3>



<p class="wp-block-paragraph">2015 végén nevezték ki szövetségi kapitánynak, és 2016-tól vezette a válogatottat. Már első nagy tornáján Európa-bajnoki címet nyert a csapattal.</p>



<p class="wp-block-paragraph">Legfontosabb eredményei:</p>



<ul class="wp-block-list">
<li>Európa-bajnok (2016)</li>



<li>Európa-bajnoki bronz (2020)</li>



<li>Világbajnoki ezüst (2022)</li>



<li>Olimpiai bronz (Tokió 2021) – <strong>a magyar női vízilabda első olimpiai érme</strong></li>



<li>több Világliga-érem és világverseny-elődöntő.</li>
</ul>



<p class="wp-block-paragraph">A 2023-as fukuokai világbajnokság után – ahol a magyar csapat a 6. helyen végzett – a Magyar Vízilabda Szövetség felmentette a szövetségi kapitányi tisztségéből. Búcsúnyilatkozatában úgy fogalmazott:</p>



<blockquote class="wp-block-quote is-layout-flow wp-block-quote-is-layout-flow">
<p class="wp-block-paragraph">„Életem legszebb nyolc évét töltöttem a női válogatott mellett.”</p>
</blockquote>



<h3 class="wp-block-heading">Edzői filozófiája</h3>



<p class="wp-block-paragraph">Bíró Attila gyakran hangsúlyozza, hogy:</p>



<ul class="wp-block-list">
<li>a női vízilabdában különösen fontos a taktikai felkészítés;</li>



<li>az edzőnek értenie kell a játékosok lelki állapotát is;</li>



<li>a siker alapja a fegyelem, a csapategység és a folyamatos fejlődés.</li>
</ul>



<p class="wp-block-paragraph">Edzői stílusát a játékosok következetesnek, ugyanakkor emberközpontúnak írják le. Ő maga többször nyilatkozta, hogy a női csapatokkal való munka másfajta kommunikációt igényel, mint a férfiakkal.</p>



<h3 class="wp-block-heading">A vízilabdán kívül</h3>



<p class="wp-block-paragraph">Kevesebben tudják róla, hogy:</p>



<ul class="wp-block-list">
<li>komolyan foglalkozik <strong>borászattal és szőlészettel</strong>;</li>



<li>tanult a Testnevelési Egyetemen, ahol edzői ismereteit tovább mélyítette;</li>



<li>mesteredzői címet kapott 2022-ben.</li>
</ul>



<h3 class="wp-block-heading">Miért tartják kiemelkedő edzőnek?</h3>



<p class="wp-block-paragraph">Szakmai körökben azért becsülik nagyra, mert:</p>



<ul class="wp-block-list">
<li>képes volt rövid idő alatt élcsapattá formálni a magyar női válogatottat;</li>



<li>számos fiatal játékost épített be sikeresen a nemzeti csapatba;</li>



<li>az ő irányítása alatt szerezte meg a magyar női vízilabda történetének első olimpiai érmét;</li>



<li>nagy hangsúlyt fektetett a taktikai felkészítésre és a csapatkohézióra.</li>
</ul>

<p> a női szakág vezetője</p>
