{"id":534,"date":"2026-07-29T05:16:44","date_gmt":"2026-07-29T05:16:44","guid":{"rendered":"https:\/\/pepe264.net3d.hu\/?page_id=534"},"modified":"2026-07-30T19:48:23","modified_gmt":"2026-07-30T19:48:23","slug":"pocze-panna","status":"publish","type":"page","link":"https:\/\/pepe264.net3d.hu\/?page_id=534","title":{"rendered":"P\u00d3CZE PANNA"},"content":{"rendered":"\n<p class=\"wp-block-paragraph\"><strong>P\u0151cze Panna<\/strong> Gy\u0151rben sz\u00fcletett, itt ismerkedett meg a v\u00edzilabd\u00e1val, \u00e9s a GYVSE ut\u00e1np\u00f3tl\u00e1s\u00e1ban bontakozott ki tehets\u00e9ge. M\u00e1r fiatalon kit\u0171nt kiv\u00e1l\u00f3 l\u00f6v\u0151erej\u00e9vel, j\u00e1t\u00e9kintelligenci\u00e1j\u00e1val \u00e9s k\u00fczd\u0151szellem\u00e9vel, \u00edgy hamar koroszt\u00e1lya meghat\u00e1roz\u00f3 j\u00e1t\u00e9kosai k\u00f6z\u00e9 emelkedett. A gy\u0151ri m\u0171helyben szerzett alapoknak k\u00f6sz\u00f6nhet\u0151en v\u00e9gigj\u00e1rta az ut\u00e1np\u00f3tl\u00e1s-v\u00e1logatottak rangl\u00e9tr\u00e1j\u00e1t, mik\u00f6zben klubcsapat\u00e1ban is egyre komolyabb szerepet kapott.<\/p>\n\n\n\n<figure class=\"wp-block-image size-full\"><img loading=\"lazy\" decoding=\"async\" width=\"820\" height=\"640\" src=\"https:\/\/pepe264.net3d.hu\/wp-content\/uploads\/2026\/07\/PP.jpeg\" alt=\"\" class=\"wp-image-535\" srcset=\"https:\/\/pepe264.net3d.hu\/wp-content\/uploads\/2026\/07\/PP.jpeg 820w, https:\/\/pepe264.net3d.hu\/wp-content\/uploads\/2026\/07\/PP-300x234.jpeg 300w, https:\/\/pepe264.net3d.hu\/wp-content\/uploads\/2026\/07\/PP-768x599.jpeg 768w\" sizes=\"auto, (max-width: 820px) 100vw, 820px\" \/><\/figure>\n\n\n\n<p class=\"wp-block-paragraph\">Koroszt\u00e1lyos \u00e9vei sor\u00e1n sz\u00e1mos hazai \u00e9s nemzetk\u00f6zi torn\u00e1n bizony\u00edtott, a magyar ut\u00e1np\u00f3tl\u00e1s-v\u00e1logatott tagjak\u00e9nt pedig Eur\u00f3pa-bajnoks\u00e1gokon \u00e9s vil\u00e1gbajnoks\u00e1gokon is szerepelt. J\u00e1t\u00e9k\u00e1t els\u0151sorban a lend\u00fcletes t\u00e1mad\u00e1sok, a pontos befejez\u00e9sek \u00e9s a csapat\u00e9rt v\u00e9gzett \u00f6nzetlen munka jellemezte, amelyeknek k\u00f6sz\u00f6nhet\u0151en rendszeresen meghat\u00e1roz\u00f3 szerepet v\u00e1llalt egy\u00fcttesei eredm\u00e9nyeiben.<\/p>\n\n\n\n<p class=\"wp-block-paragraph\">Fejl\u0151d\u00e9s\u00e9re hamar felfigyeltek az \u00e9lvonal klubjai is, \u00edgy p\u00e1lyafut\u00e1sa k\u00f6vetkez\u0151 \u00e1llom\u00e1sak\u00e9nt a Ferencv\u00e1roshoz szerz\u0151d\u00f6tt. Az FTC j\u00e1t\u00e9kosak\u00e9nt Magyar Kupa-gy\u0151zelmet \u00e9s bajnoki c\u00edmet \u00fcnnepelhetett, mik\u00f6zben a nemzetk\u00f6zi kupaporondon is \u00e9rt\u00e9kes tapasztalatokat szerzett. Az \u00e9lvonal egyik meghat\u00e1roz\u00f3 magyar j\u00e1t\u00e9kos\u00e1v\u00e1 v\u00e1lt, k\u00e9s\u0151bb pedig a BVSC sz\u00edneiben is fontos szerepet t\u00f6lt\u00f6tt be.<\/p>\n\n\n\n<p class=\"wp-block-paragraph\">R\u00e9szt vett <strong>ut\u00e1np\u00f3tl\u00e1s Eur\u00f3pa-bajnoks\u00e1gokon \u00e9s vil\u00e1gbajnoks\u00e1gokon<\/strong> a magyar v\u00e1logatott tagjak\u00e9nt. Tagja volt annak a magyar v\u00e1logatottnak, amely 2021-ben <strong>U19-es vil\u00e1gbajnoki bronz\u00e9rmet szerzett<\/strong> \u00e9s amelyik  <strong>U20-as vil\u00e1gbajnoki c\u00edmet szerzett<\/strong>. A feln\u0151tt v\u00e1logatott b\u0151 keret\u00e9be t\u00f6bbsz\u00f6r is megh\u00edv\u00f3t kapott, p\u00e9ld\u00e1ul a tokio\u00f3i olmpi\u00e1ra nem ker\u00fclt be a csapatba, csak b\u0151 keret tagja volt, csak\u00fagy mint a 2022 nyar\u00e1n, a hazai rendez\u00e9s\u0171 VB-n, viszont 2022 november\u00e9ben feln\u0151tt v\u00e1logatottk\u00e9nt Vil\u00e1g Kupa ez\u00fcst\u00e9rmes lett.<\/p>\n\n\n\n<p class=\"wp-block-paragraph\">P\u0151cze Panna p\u00e1lyafut\u00e1sa j\u00f3l p\u00e9ld\u00e1zza, hogy a gy\u0151ri ut\u00e1np\u00f3tl\u00e1sb\u00f3l orsz\u00e1gos szinten is meghat\u00e1roz\u00f3 v\u00edzilabd\u00e1z\u00f3k ker\u00fclhetnek ki. A GYVSE-ben elsaj\u00e1t\u00edtott szakmai alapokra \u00e9p\u00edtve jutott el a magyar \u00e9lvonalig, ahol klub- \u00e9s v\u00e1logatott szinten egyar\u00e1nt bizony\u00edtotta k\u00e9pess\u00e9geit. Sikerei nemcsak saj\u00e1t p\u00e1lyafut\u00e1s\u00e1nak fontos \u00e1llom\u00e1sai, hanem a gy\u0151ri v\u00edzilabd\u00e1s m\u0171hely eredm\u00e9nyess\u00e9g\u00e9t is igazolj\u00e1k, p\u00e9ld\u00e1t mutatva a k\u00f6vetkez\u0151 gener\u00e1ci\u00f3k sz\u00e1m\u00e1ra.<\/p>\n","protected":false},"excerpt":{"rendered":"<p>U20-as vil\u00e1gbajnok, feln\u0151tt VK ez\u00fcst\u00e9rmes vizilabd\u00e1z\u00f3<\/p>\n","protected":false},"author":1,"featured_media":535,"parent":0,"menu_order":0,"comment_status":"closed","ping_status":"closed","template":"","meta":{"footnotes":""},"class_list":["post-534","page","type-page","status-publish","has-post-thumbnail","hentry"],"_links":{"self":[{"href":"https:\/\/pepe264.net3d.hu\/index.php?rest_route=\/wp\/v2\/pages\/534","targetHints":{"allow":["GET"]}}],"collection":[{"href":"https:\/\/pepe264.net3d.hu\/index.php?rest_route=\/wp\/v2\/pages"}],"about":[{"href":"https:\/\/pepe264.net3d.hu\/index.php?rest_route=\/wp\/v2\/types\/page"}],"author":[{"embeddable":true,"href":"https:\/\/pepe264.net3d.hu\/index.php?rest_route=\/wp\/v2\/users\/1"}],"replies":[{"embeddable":true,"href":"https:\/\/pepe264.net3d.hu\/index.php?rest_route=%2Fwp%2Fv2%2Fcomments&post=534"}],"version-history":[{"count":3,"href":"https:\/\/pepe264.net3d.hu\/index.php?rest_route=\/wp\/v2\/pages\/534\/revisions"}],"predecessor-version":[{"id":571,"href":"https:\/\/pepe264.net3d.hu\/index.php?rest_route=\/wp\/v2\/pages\/534\/revisions\/571"}],"wp:featuredmedia":[{"embeddable":true,"href":"https:\/\/pepe264.net3d.hu\/index.php?rest_route=\/wp\/v2\/media\/535"}],"wp:attachment":[{"href":"https:\/\/pepe264.net3d.hu\/index.php?rest_route=%2Fwp%2Fv2%2Fmedia&parent=534"}],"curies":[{"name":"wp","href":"https:\/\/api.w.org\/{rel}","templated":true}]}}

PÓCZE PANNA

<p class="wp-block-paragraph"><strong>Pőcze Panna</strong> Győrben született, itt ismerkedett meg a vízilabdával, és a GYVSE utánpótlásában bontakozott ki tehetsége. Már fiatalon kitűnt kiváló lövőerejével, játékintelligenciájával és küzdőszellemével, így hamar korosztálya meghatározó játékosai közé emelkedett. A győri műhelyben szerzett alapoknak köszönhetően végigjárta az utánpótlás-válogatottak ranglétráját, miközben klubcsapatában is egyre komolyabb szerepet kapott.</p>



<figure class="wp-block-image size-full"><img loading="lazy" decoding="async" width="820" height="640" src="https://pepe264.net3d.hu/wp-content/uploads/2026/07/PP.jpeg" alt="" class="wp-image-535" srcset="https://pepe264.net3d.hu/wp-content/uploads/2026/07/PP.jpeg 820w, https://pepe264.net3d.hu/wp-content/uploads/2026/07/PP-300x234.jpeg 300w, https://pepe264.net3d.hu/wp-content/uploads/2026/07/PP-768x599.jpeg 768w" sizes="auto, (max-width: 820px) 100vw, 820px" /></figure>



<p class="wp-block-paragraph">Korosztályos évei során számos hazai és nemzetközi tornán bizonyított, a magyar utánpótlás-válogatott tagjaként pedig Európa-bajnokságokon és világbajnokságokon is szerepelt. Játékát elsősorban a lendületes támadások, a pontos befejezések és a csapatért végzett önzetlen munka jellemezte, amelyeknek köszönhetően rendszeresen meghatározó szerepet vállalt együttesei eredményeiben.</p>



<p class="wp-block-paragraph">Fejlődésére hamar felfigyeltek az élvonal klubjai is, így pályafutása következő állomásaként a Ferencvároshoz szerződött. Az FTC játékosaként Magyar Kupa-győzelmet és bajnoki címet ünnepelhetett, miközben a nemzetközi kupaporondon is értékes tapasztalatokat szerzett. Az élvonal egyik meghatározó magyar játékosává vált, később pedig a BVSC színeiben is fontos szerepet töltött be.</p>



<p class="wp-block-paragraph">Részt vett <strong>utánpótlás Európa-bajnokságokon és világbajnokságokon</strong> a magyar válogatott tagjaként. Tagja volt annak a magyar válogatottnak, amely 2021-ben <strong>U19-es világbajnoki bronzérmet szerzett</strong> és amelyik  <strong>U20-as világbajnoki címet szerzett</strong>. A felnőtt válogatott bő keretébe többször is meghívót kapott, például a tokioói olmpiára nem került be a csapatba, csak bő keret tagja volt, csakúgy mint a 2022 nyarán, a hazai rendezésű VB-n, viszont 2022 novemberében felnőtt válogatottként Világ Kupa ezüstérmes lett.</p>



<p class="wp-block-paragraph">Pőcze Panna pályafutása jól példázza, hogy a győri utánpótlásból országos szinten is meghatározó vízilabdázók kerülhetnek ki. A GYVSE-ben elsajátított szakmai alapokra építve jutott el a magyar élvonalig, ahol klub- és válogatott szinten egyaránt bizonyította képességeit. Sikerei nemcsak saját pályafutásának fontos állomásai, hanem a győri vízilabdás műhely eredményességét is igazolják, példát mutatva a következő generációk számára.</p>

<p>U20-as világbajnok, felnőtt VK ezüstérmes vizilabdázó</p>
