{"id":533,"date":"2026-07-29T05:32:44","date_gmt":"2026-07-29T05:32:44","guid":{"rendered":"https:\/\/pepe264.net3d.hu\/?page_id=533"},"modified":"2026-07-29T05:32:44","modified_gmt":"2026-07-29T05:32:44","slug":"elnoki-koszonto","status":"publish","type":"page","link":"https:\/\/pepe264.net3d.hu\/?page_id=533","title":{"rendered":"ELN\u00d6KI K\u00d6SZ\u00d6NT\u0150"},"content":{"rendered":"\n<p class=\"wp-block-paragraph\">Kedves Sportbar\u00e1tunk, kedves L\u00e1togat\u00f3!<\/p>\n\n\n\n<p class=\"wp-block-paragraph\">\u00dcdv\u00f6z\u00f6llek honlapunkon!<\/p>\n\n\n\n<p class=\"wp-block-paragraph\">Mint tudod, a Gy\u0151ri V\u00edzisport Egyes\u00fclet megalakul\u00e1sa \u00f3ta<br>sz\u00e1mos sz\u00e9p sportsikerrel v\u00edvta ki napjaink megbecs\u00fcl\u00e9s\u00e9t.<br>Gy\u0151r-Moson-Sopron Megye, Gy\u0151r V\u00e1ros legeredm\u00e9nyesebb<br>sportegyes\u00fclete; az Olimpiai eredm\u00e9nyek alapj\u00e1n pedig a<\/p>\n\n\n\n<p class=\"wp-block-paragraph\">legeredm\u00e9nyesebb vid\u00e9ki sportegyes\u00fclet.<\/p>\n\n\n\n<p class=\"wp-block-paragraph\">Tisztelg\u00fcnk el\u0151deink munk\u00e1ja el\u0151tt. M\u00falt n\u00e9lk\u00fcl nincs jelen<\/p>\n\n\n\n<p class=\"wp-block-paragraph\">\u00e9s jelen n\u00e9lk\u00fcl nincs j\u00f6v\u0151.<\/p>\n\n\n\n<p class=\"wp-block-paragraph\">A sport egy speci\u00e1lis tev\u00e9kenys\u00e9g, amely a mindennapokt\u00f3l<br>elt\u00e9r\u0151 k\u00f6rnyezetben zajlik. C\u00e9lja a testedz\u00e9s, a versenyz\u00e9s,<br>a sz\u00f3rakoz\u00e1s, sz\u00f3rakoztat\u00e1s \u00e9s az eredm\u00e9ny el\u00e9r\u00e9se.<br>A sport mag\u00e1ban foglalja az emberi k\u00e9pess\u00e9gek \u00f6nc\u00e9l\u00fa<br>fejleszt\u00e9s\u00e9t \u00e9s a k\u00e9pess\u00e9gek alkalmazhat\u00f3s\u00e1g\u00e1nak<br>fejleszt\u00e9s\u00e9t is. Hasznos m\u00f3dja a tanul\u00e1snak \u00e9s a<\/p>\n\n\n\n<p class=\"wp-block-paragraph\">fejl\u0151d\u00e9snek.<\/p>\n\n\n\n<p class=\"wp-block-paragraph\">Egyes\u00fclet\u00fcnk valamennyi sportol\u00f3j\u00e1t szeretn\u00e9k eg\u00e9szs\u00e9ges,<br>fejlett gondolkod\u00e1s\u00fa, feln\u0151tt emberr\u00e9 seg\u00edteni. Ha ezek<br>mell\u00e9 m\u00e9g sikeres sportol\u00f3, Olimpiai, Vil\u00e1g vagy Eur\u00f3pa<br>bajnokk\u00e1 is v\u00e1lik, az a tev\u00e9kenys\u00e9g\u00fcnk elismer\u00e9se, de<\/p>\n\n\n\n<p class=\"wp-block-paragraph\">mindenk\u00e9ppen az egy\u00e9n \u00e9rdeme.<\/p>\n\n\n\n<p class=\"wp-block-paragraph\">&nbsp;<br>Kajak-kenusaink, v\u00edzilabd\u00e1z\u00f3ink, szinkron\u00fasz\u00f3ink egy<br>igaz\u00e1n szorosan egy\u00fcttm\u0171k\u00f6d\u0151, egym\u00e1s\u00e9rt szurkol\u00f3,<br>egym\u00e1s tev\u00e9kenys\u00e9g\u00e9t t\u00e1mogat\u00f3 k\u00f6z\u00f6ss\u00e9gg\u00e9 form\u00e1l\u00f3dtak<\/p>\n\n\n\n<p class=\"wp-block-paragraph\">az elm\u00falt 30 \u00e9v alatt.<\/p>\n\n\n\n<p class=\"wp-block-paragraph\">A v\u00edz, ami minket \u00f6sszek\u00f6t.<\/p>\n\n\n\n<p class=\"wp-block-paragraph\">Edz\u0151 koll\u00e9g\u00e1immal, technikai koll\u00e9g\u00e1immal, adminisztr\u00e1ci\u00f3s<br>koll\u00e9g\u00e1immal mindannyian a sikeres m\u0171k\u00f6d\u00e9sben hisz\u00fcnk<\/p>\n\n\n\n<p class=\"wp-block-paragraph\">\u00e9s mindennap ez\u00e9rt dolgozunk.<\/p>\n\n\n\n<p class=\"wp-block-paragraph\">L\u00e1togasd gyakran a web-oldalunkat \u00e9s a k\u00f6z\u00f6ss\u00e9gi<br>oldalainkat, \u00e9rtes\u00fclj els\u0151 k\u00e9zb\u0151l eredm\u00e9nyeinkr\u0151l,<br>sikereinkr\u0151l, valamint valamennyi, az egyes\u00fcletet \u00e9rint\u0151<\/p>\n\n\n\n<p class=\"wp-block-paragraph\">t\u00f6rt\u00e9n\u00e9sekr\u0151l!<\/p>\n\n\n\n<p class=\"wp-block-paragraph\">ER\u0150T, EG\u00c9SZS\u00c9GET!<br>\u00c1brah\u00e1m Csaba<br>Eln\u00f6k<\/p>\n","protected":false},"excerpt":{"rendered":"<p>Kedves Sportbar\u00e1tunk, kedves L\u00e1togat\u00f3! \u00dcdv\u00f6z\u00f6llek honlapunkon! Mint tudod, a Gy\u0151ri V\u00edzisport Egyes\u00fclet megalakul\u00e1sa \u00f3tasz\u00e1mos sz\u00e9p sportsikerrel v\u00edvta ki napjaink megbecs\u00fcl\u00e9s\u00e9t.Gy\u0151r-Moson-Sopron Megye, Gy\u0151r V\u00e1ros legeredm\u00e9nyesebbsportegyes\u00fclete; az Olimpiai eredm\u00e9nyek alapj\u00e1n pedig a legeredm\u00e9nyesebb vid\u00e9ki sportegyes\u00fclet. Tisztelg\u00fcnk el\u0151deink munk\u00e1ja el\u0151tt. M\u00falt n\u00e9lk\u00fcl nincs jelen \u00e9s jelen n\u00e9lk\u00fcl nincs j\u00f6v\u0151. A sport egy speci\u00e1lis&hellip; <\/p>\n","protected":false},"author":1,"featured_media":0,"parent":0,"menu_order":0,"comment_status":"closed","ping_status":"closed","template":"","meta":{"footnotes":""},"class_list":["post-533","page","type-page","status-publish","hentry"],"_links":{"self":[{"href":"https:\/\/pepe264.net3d.hu\/index.php?rest_route=\/wp\/v2\/pages\/533","targetHints":{"allow":["GET"]}}],"collection":[{"href":"https:\/\/pepe264.net3d.hu\/index.php?rest_route=\/wp\/v2\/pages"}],"about":[{"href":"https:\/\/pepe264.net3d.hu\/index.php?rest_route=\/wp\/v2\/types\/page"}],"author":[{"embeddable":true,"href":"https:\/\/pepe264.net3d.hu\/index.php?rest_route=\/wp\/v2\/users\/1"}],"replies":[{"embeddable":true,"href":"https:\/\/pepe264.net3d.hu\/index.php?rest_route=%2Fwp%2Fv2%2Fcomments&post=533"}],"version-history":[{"count":1,"href":"https:\/\/pepe264.net3d.hu\/index.php?rest_route=\/wp\/v2\/pages\/533\/revisions"}],"predecessor-version":[{"id":546,"href":"https:\/\/pepe264.net3d.hu\/index.php?rest_route=\/wp\/v2\/pages\/533\/revisions\/546"}],"wp:attachment":[{"href":"https:\/\/pepe264.net3d.hu\/index.php?rest_route=%2Fwp%2Fv2%2Fmedia&parent=533"}],"curies":[{"name":"wp","href":"https:\/\/api.w.org\/{rel}","templated":true}]}}

ELNÖKI KÖSZÖNTŐ

<p class="wp-block-paragraph">Kedves Sportbarátunk, kedves Látogató!</p>



<p class="wp-block-paragraph">Üdvözöllek honlapunkon!</p>



<p class="wp-block-paragraph">Mint tudod, a Győri Vízisport Egyesület megalakulása óta<br>számos szép sportsikerrel vívta ki napjaink megbecsülését.<br>Győr-Moson-Sopron Megye, Győr Város legeredményesebb<br>sportegyesülete; az Olimpiai eredmények alapján pedig a</p>



<p class="wp-block-paragraph">legeredményesebb vidéki sportegyesület.</p>



<p class="wp-block-paragraph">Tisztelgünk elődeink munkája előtt. Múlt nélkül nincs jelen</p>



<p class="wp-block-paragraph">és jelen nélkül nincs jövő.</p>



<p class="wp-block-paragraph">A sport egy speciális tevékenység, amely a mindennapoktól<br>eltérő környezetben zajlik. Célja a testedzés, a versenyzés,<br>a szórakozás, szórakoztatás és az eredmény elérése.<br>A sport magában foglalja az emberi képességek öncélú<br>fejlesztését és a képességek alkalmazhatóságának<br>fejlesztését is. Hasznos módja a tanulásnak és a</p>



<p class="wp-block-paragraph">fejlődésnek.</p>



<p class="wp-block-paragraph">Egyesületünk valamennyi sportolóját szeretnék egészséges,<br>fejlett gondolkodású, felnőtt emberré segíteni. Ha ezek<br>mellé még sikeres sportoló, Olimpiai, Világ vagy Európa<br>bajnokká is válik, az a tevékenységünk elismerése, de</p>



<p class="wp-block-paragraph">mindenképpen az egyén érdeme.</p>



<p class="wp-block-paragraph">&nbsp;<br>Kajak-kenusaink, vízilabdázóink, szinkronúszóink egy<br>igazán szorosan együttműködő, egymásért szurkoló,<br>egymás tevékenységét támogató közösséggé formálódtak</p>



<p class="wp-block-paragraph">az elmúlt 30 év alatt.</p>



<p class="wp-block-paragraph">A víz, ami minket összeköt.</p>



<p class="wp-block-paragraph">Edző kollégáimmal, technikai kollégáimmal, adminisztrációs<br>kollégáimmal mindannyian a sikeres működésben hiszünk</p>



<p class="wp-block-paragraph">és mindennap ezért dolgozunk.</p>



<p class="wp-block-paragraph">Látogasd gyakran a web-oldalunkat és a közösségi<br>oldalainkat, értesülj első kézből eredményeinkről,<br>sikereinkről, valamint valamennyi, az egyesületet érintő</p>



<p class="wp-block-paragraph">történésekről!</p>



<p class="wp-block-paragraph">ERŐT, EGÉSZSÉGET!<br>Ábrahám Csaba<br>Elnök</p>

<p>Kedves Sportbarátunk, kedves Látogató! Üdvözöllek honlapunkon! Mint tudod, a Győri Vízisport Egyesület megalakulása ótaszámos szép sportsikerrel vívta ki napjaink megbecsülését.Győr-Moson-Sopron Megye, Győr Város legeredményesebbsportegyesülete; az Olimpiai eredmények alapján pedig a legeredményesebb vidéki sportegyesület. Tisztelgünk elődeink munkája előtt. Múlt nélkül nincs jelen és jelen nélkül nincs jövő. A sport egy speciális&hellip; </p>
