{"id":514,"date":"2026-07-27T14:10:22","date_gmt":"2026-07-27T14:10:22","guid":{"rendered":"https:\/\/pepe264.net3d.hu\/?page_id=514"},"modified":"2026-07-27T14:15:07","modified_gmt":"2026-07-27T14:15:07","slug":"gyori-vizisport-egyesulet","status":"publish","type":"page","link":"https:\/\/pepe264.net3d.hu\/?page_id=514","title":{"rendered":"GY\u0150RI V\u00cdZISPORT EGYES\u00dcLET"},"content":{"rendered":"\n<p class=\"wp-block-paragraph\">A Gy\u0151ri V\u00edzisport Egyes\u00fclet 1993-ban j\u00f6tt l\u00e9tre k\u00e9t, kor\u00e1bban m\u00e1r m\u0171k\u00f6d\u0151 egyes\u00fclet f\u00fazi\u00f3j\u00e1val.<\/p>\n\n\n\n<p class=\"wp-block-paragraph\">A GY\u00c1\u00c9V triatlon, \u00fasz\u00f3 egyes\u00fclet \u00e9s az 1964 \u00f3ta Gy\u0151rben m\u0171k\u00f6d\u0151, t\u00f6bbsz\u00f6ri \u201etulajdonos v\u00e1lt\u00e1son\u201d \u00e1tes\u0151 kajak-kenu szakoszt\u00e1ly d\u00f6nt\u00f6tt \u00fagy, hogy egyes\u00fclt er\u0151vel \u00e9s v\u00e1rosi seg\u00e9dlettel szervezik a fiatalok \u00e9s sportolni v\u00e1gy\u00f3k minden napos edz\u00e9s lehet\u0151s\u00e9g\u00e9t.<\/p>\n\n\n\n<p class=\"wp-block-paragraph\">Az els\u0151 id\u0151kben k\u00e9t szakoszt\u00e1lyt m\u0171k\u00f6d\u00f6tt. A kajak-kenu mellett az \u00fasz\u00e1st felv\u00e1lt\u00f3 triatlon v\u00e1lt a m\u00e1sodik szakoszt\u00e1lly\u00e1. Az \u00e9vek sor\u00e1n el\u0151sz\u00f6r a szinkron\u00fasz\u00f3k csatlakoztak az egyes\u00fclethez, mint \u00f6n\u00e1ll\u00f3 szakoszt\u00e1ly, majd 2002-ben a v\u00edzilabd\u00e1z\u00f3k \u00e9rkeztek. A triatlon szakoszt\u00e1ly ezen \u00e9vek alatt maga mell\u00e9 vette az \u00fasz\u00f3kat, akik egyre n\u00f6vekv\u0151 l\u00e9tsz\u00e1mban vettek r\u00e9szt az egyes\u00fclet munk\u00e1j\u00e1ban. Az \u00fasz\u00f3k k\u00f6zben m\u00e1s egyes\u00fcletbe igazoltak.<\/p>\n\n\n\n<p class=\"wp-block-paragraph\">Napjainkban h\u00e1rom szakoszt\u00e1ly m\u0171k\u00f6dik a Gy\u0151ri V\u00edzisport Egyes\u00fclet r\u00e9szek\u00e9nt, a kajak-kenu, a v\u00edzilabda \u00e9s a szinkron\u00fasz\u00e1s.<\/p>\n\n\n\n<p class=\"wp-block-paragraph\">ELN\u00d6KS\u00c9G<\/p>\n\n\n\n<ul class=\"wp-block-list\">\n<li><strong>\u00c1nrah\u00e1m Csaba, <\/strong>eln\u00f6k<\/li>\n\n\n\n<li><strong>Weisz R\u00f3bert<\/strong>, t\u00e1rseln\u00f6k<\/li>\n\n\n\n<li><strong>Cs\u00e1nyi P\u00e9ter<\/strong><\/li>\n\n\n\n<li><strong>Csay Ren\u00e1ta<\/strong><\/li>\n\n\n\n<li><strong>Forrai Zsolt<\/strong><\/li>\n\n\n\n<li><strong>Kov\u00e1cs Zsolt<\/strong><\/li>\n\n\n\n<li><strong>Somogyi Tivadar<\/strong><\/li>\n\n\n\n<li><strong>Tanos \u00c1d\u00e1m<\/strong><\/li>\n\n\n\n<li><strong>Kocsis R\u00f3bert<\/strong><\/li>\n\n\n\n<li><strong>Pa\u00e1r Andr\u00e1s<\/strong><\/li>\n\n\n\n<li><strong>Varga Eszter<\/strong><\/li>\n\n\n\n<li><strong>Radn\u00f3ti Zolt\u00e1n<\/strong><\/li>\n\n\n\n<li><strong>Sztanity L\u00e1szl\u00f3<\/strong><\/li>\n<\/ul>\n\n\n\n<p class=\"wp-block-paragraph\">FEL\u00dcGYEL\u0150 BIZOTTS\u00c1G<\/p>\n\n\n\n<ul class=\"wp-block-list\">\n<li><strong>Adorj\u00e1n Andrea&nbsp;<\/strong>(eln\u00f6k)<\/li>\n\n\n\n<li><strong>Ferenczy Tam\u00e1s<\/strong><\/li>\n\n\n\n<li><strong>V\u00e9gh Imre<\/strong><\/li>\n<\/ul>\n\n\n\n<h2 class=\"wp-block-heading\">ELN\u00d6KI K\u00d6SZ\u00d6NT\u0150<\/h2>\n\n\n\n<pre class=\"wp-block-preformatted\">A Gy\u0151ri V\u00edzisport Egyes\u00fclet megalakul\u00e1sa \u00f3ta sz\u00e1mos sz\u00e9p sportsikerrel v\u00edvta ki napjaink megbecs\u00fcl\u00e9s\u00e9t. Gy\u0151r-Moson-Sopron Megye, Gy\u0151r V\u00e1ros legeredm\u00e9nyesebb sportegyes\u00fclete; az Olimpiai eredm\u00e9nyek alapj\u00e1n pedig a legeredm\u00e9nyesebb vid\u00e9ki sportegyes\u00fclet.<br><br>Tisztelg\u00fcnk el\u0151deink munk\u00e1ja el\u0151tt. M\u00falt n\u00e9lk\u00fcl nincs jelen \u00e9s jelen n\u00e9lk\u00fcl nincs j\u00f6v\u0151.<br><br>A sport egy speci\u00e1lis tev\u00e9kenys\u00e9g, amely a mindennapokt\u00f3l elt\u00e9r\u0151 k\u00f6rnyezetben zajlik. C\u00e9lja a testedz\u00e9s, a versenyz\u00e9s, a sz\u00f3rakoz\u00e1s, sz\u00f3rakoztat\u00e1s \u00e9s az eredm\u00e9ny el\u00e9r\u00e9se.<br><br>A sport mag\u00e1ban foglalja az emberi k\u00e9pess\u00e9gek \u00f6nc\u00e9l\u00fa fejleszt\u00e9s\u00e9t \u00e9s a k\u00e9pess\u00e9gek alkalmazhat\u00f3s\u00e1g\u00e1nak fejleszt\u00e9s\u00e9t is. Hasznos m\u00f3dja a tanul\u00e1snak \u00e9s a fejl\u0151d\u00e9snek.<br><br>Egyes\u00fclet\u00fcnk valamennyi sportol\u00f3j\u00e1t szeretn\u00e9k eg\u00e9szs\u00e9ges, fejlett gondolkod\u00e1s\u00fa, feln\u0151tt emberr\u00e9 seg\u00edteni. Ha ezek mell\u00e9 m\u00e9g sikeres sportol\u00f3, Olimpiai, Vil\u00e1g vagy Eur\u00f3pa bajnokk\u00e1 is v\u00e1lik, az a tev\u00e9kenys\u00e9g\u00fcnk elismer\u00e9se, de mindenk\u00e9ppen az egy\u00e9n \u00e9rdeme.<br><br>Kajak-kenusaink, v\u00edzilabd\u00e1z\u00f3ink, szinkron\u00fasz\u00f3ink egy igaz\u00e1n szorosan egy\u00fcttm\u0171k\u00f6d\u0151, egym\u00e1s\u00e9rt szurkol\u00f3, egym\u00e1s tev\u00e9kenys\u00e9g\u00e9t t\u00e1mogat\u00f3 k\u00f6z\u00f6ss\u00e9gg\u00e9 form\u00e1l\u00f3dtak az elm\u00falt 30 \u00e9v alatt.<br><br>Edz\u0151 koll\u00e9g\u00e1immal, technikai koll\u00e9g\u00e1immal, adminisztr\u00e1ci\u00f3s koll\u00e9g\u00e1immal mindannyian a sikeres m\u0171k\u00f6d\u00e9sben hisz\u00fcnk \u00e9s mindennap ez\u00e9rt dolgozunk.<br><br>L\u00e1togasd gyakran a web-oldalunkat \u00e9s a k\u00f6z\u00f6ss\u00e9gi oldalainkat, \u00e9rtes\u00fclj els\u0151 k\u00e9zb\u0151l eredm\u00e9nyeinkr\u0151l, sikereinkr\u0151l, valamint valamennyi, az egyes\u00fcletet \u00e9rint\u0151 t\u00f6rt\u00e9n\u00e9sekr\u0151l!<br><br>ER\u0150T, EG\u00c9SZS\u00c9GET!<\/pre>\n\n\n\n<h3 class=\"wp-block-heading\"><em><strong>\u00c1brah\u00e1m Csaba<\/strong>, a GYVSE eln\u00f6ke<\/em><\/h3>\n\n\n\n<p class=\"wp-block-paragraph\"><\/p>\n","protected":false},"excerpt":{"rendered":"<p>A Gy\u0151ri V\u00edzisport Egyes\u00fclet 1993-ban j\u00f6tt l\u00e9tre k\u00e9t, kor\u00e1bban m\u00e1r m\u0171k\u00f6d\u0151 egyes\u00fclet f\u00fazi\u00f3j\u00e1val. A GY\u00c1\u00c9V triatlon, \u00fasz\u00f3 egyes\u00fclet \u00e9s az 1964 \u00f3ta Gy\u0151rben m\u0171k\u00f6d\u0151, t\u00f6bbsz\u00f6ri \u201etulajdonos v\u00e1lt\u00e1son\u201d \u00e1tes\u0151 kajak-kenu szakoszt\u00e1ly d\u00f6nt\u00f6tt \u00fagy, hogy egyes\u00fclt er\u0151vel \u00e9s v\u00e1rosi seg\u00e9dlettel szervezik a fiatalok \u00e9s sportolni v\u00e1gy\u00f3k minden napos edz\u00e9s lehet\u0151s\u00e9g\u00e9t. Az els\u0151&hellip; <\/p>\n","protected":false},"author":1,"featured_media":0,"parent":0,"menu_order":0,"comment_status":"closed","ping_status":"closed","template":"","meta":{"footnotes":""},"class_list":["post-514","page","type-page","status-publish","hentry"],"_links":{"self":[{"href":"https:\/\/pepe264.net3d.hu\/index.php?rest_route=\/wp\/v2\/pages\/514","targetHints":{"allow":["GET"]}}],"collection":[{"href":"https:\/\/pepe264.net3d.hu\/index.php?rest_route=\/wp\/v2\/pages"}],"about":[{"href":"https:\/\/pepe264.net3d.hu\/index.php?rest_route=\/wp\/v2\/types\/page"}],"author":[{"embeddable":true,"href":"https:\/\/pepe264.net3d.hu\/index.php?rest_route=\/wp\/v2\/users\/1"}],"replies":[{"embeddable":true,"href":"https:\/\/pepe264.net3d.hu\/index.php?rest_route=%2Fwp%2Fv2%2Fcomments&post=514"}],"version-history":[{"count":8,"href":"https:\/\/pepe264.net3d.hu\/index.php?rest_route=\/wp\/v2\/pages\/514\/revisions"}],"predecessor-version":[{"id":526,"href":"https:\/\/pepe264.net3d.hu\/index.php?rest_route=\/wp\/v2\/pages\/514\/revisions\/526"}],"wp:attachment":[{"href":"https:\/\/pepe264.net3d.hu\/index.php?rest_route=%2Fwp%2Fv2%2Fmedia&parent=514"}],"curies":[{"name":"wp","href":"https:\/\/api.w.org\/{rel}","templated":true}]}}

GYŐRI VÍZISPORT EGYESÜLET

<p class="wp-block-paragraph">A Győri Vízisport Egyesület 1993-ban jött létre két, korábban már működő egyesület fúziójával.</p>



<p class="wp-block-paragraph">A GYÁÉV triatlon, úszó egyesület és az 1964 óta Győrben működő, többszöri „tulajdonos váltáson” áteső kajak-kenu szakosztály döntött úgy, hogy egyesült erővel és városi segédlettel szervezik a fiatalok és sportolni vágyók minden napos edzés lehetőségét.</p>



<p class="wp-block-paragraph">Az első időkben két szakosztályt működött. A kajak-kenu mellett az úszást felváltó triatlon vált a második szakosztállyá. Az évek során először a szinkronúszók csatlakoztak az egyesülethez, mint önálló szakosztály, majd 2002-ben a vízilabdázók érkeztek. A triatlon szakosztály ezen évek alatt maga mellé vette az úszókat, akik egyre növekvő létszámban vettek részt az egyesület munkájában. Az úszók közben más egyesületbe igazoltak.</p>



<p class="wp-block-paragraph">Napjainkban három szakosztály működik a Győri Vízisport Egyesület részeként, a kajak-kenu, a vízilabda és a szinkronúszás.</p>



<p class="wp-block-paragraph">ELNÖKSÉG</p>



<ul class="wp-block-list">
<li><strong>Ánrahám Csaba, </strong>elnök</li>



<li><strong>Weisz Róbert</strong>, társelnök</li>



<li><strong>Csányi Péter</strong></li>



<li><strong>Csay Renáta</strong></li>



<li><strong>Forrai Zsolt</strong></li>



<li><strong>Kovács Zsolt</strong></li>



<li><strong>Somogyi Tivadar</strong></li>



<li><strong>Tanos Ádám</strong></li>



<li><strong>Kocsis Róbert</strong></li>



<li><strong>Paár András</strong></li>



<li><strong>Varga Eszter</strong></li>



<li><strong>Radnóti Zoltán</strong></li>



<li><strong>Sztanity László</strong></li>
</ul>



<p class="wp-block-paragraph">FELÜGYELŐ BIZOTTSÁG</p>



<ul class="wp-block-list">
<li><strong>Adorján Andrea&nbsp;</strong>(elnök)</li>



<li><strong>Ferenczy Tamás</strong></li>



<li><strong>Végh Imre</strong></li>
</ul>



<h2 class="wp-block-heading">ELNÖKI KÖSZÖNTŐ</h2>



<pre class="wp-block-preformatted">A Győri Vízisport Egyesület megalakulása óta számos szép sportsikerrel vívta ki napjaink megbecsülését. Győr-Moson-Sopron Megye, Győr Város legeredményesebb sportegyesülete; az Olimpiai eredmények alapján pedig a legeredményesebb vidéki sportegyesület.<br><br>Tisztelgünk elődeink munkája előtt. Múlt nélkül nincs jelen és jelen nélkül nincs jövő.<br><br>A sport egy speciális tevékenység, amely a mindennapoktól eltérő környezetben zajlik. Célja a testedzés, a versenyzés, a szórakozás, szórakoztatás és az eredmény elérése.<br><br>A sport magában foglalja az emberi képességek öncélú fejlesztését és a képességek alkalmazhatóságának fejlesztését is. Hasznos módja a tanulásnak és a fejlődésnek.<br><br>Egyesületünk valamennyi sportolóját szeretnék egészséges, fejlett gondolkodású, felnőtt emberré segíteni. Ha ezek mellé még sikeres sportoló, Olimpiai, Világ vagy Európa bajnokká is válik, az a tevékenységünk elismerése, de mindenképpen az egyén érdeme.<br><br>Kajak-kenusaink, vízilabdázóink, szinkronúszóink egy igazán szorosan együttműködő, egymásért szurkoló, egymás tevékenységét támogató közösséggé formálódtak az elmúlt 30 év alatt.<br><br>Edző kollégáimmal, technikai kollégáimmal, adminisztrációs kollégáimmal mindannyian a sikeres működésben hiszünk és mindennap ezért dolgozunk.<br><br>Látogasd gyakran a web-oldalunkat és a közösségi oldalainkat, értesülj első kézből eredményeinkről, sikereinkről, valamint valamennyi, az egyesületet érintő történésekről!<br><br>ERŐT, EGÉSZSÉGET!</pre>



<h3 class="wp-block-heading"><em><strong>Ábrahám Csaba</strong>, a GYVSE elnöke</em></h3>



<p class="wp-block-paragraph"></p>

<p>A Győri Vízisport Egyesület 1993-ban jött létre két, korábban már működő egyesület fúziójával. A GYÁÉV triatlon, úszó egyesület és az 1964 óta Győrben működő, többszöri „tulajdonos váltáson” áteső kajak-kenu szakosztály döntött úgy, hogy egyesült erővel és városi segédlettel szervezik a fiatalok és sportolni vágyók minden napos edzés lehetőségét. Az első&hellip; </p>
