{"id":507,"date":"2026-07-27T13:42:20","date_gmt":"2026-07-27T13:42:20","guid":{"rendered":"https:\/\/pepe264.net3d.hu\/?page_id=507"},"modified":"2026-07-27T13:42:20","modified_gmt":"2026-07-27T13:42:20","slug":"jegyinformacio","status":"publish","type":"page","link":"https:\/\/pepe264.net3d.hu\/?page_id=507","title":{"rendered":"JEGYINFORM\u00c1CI\u00d3"},"content":{"rendered":"\n<h2 class=\"wp-block-heading\">Jegy\u00e1rak a 2025\/2026-os szezonra<\/h2>\n\n\n\n<h2 class=\"wp-block-heading\">BENU Magyar Kupa, kvalifik\u00e1ci\u00f3s k\u00f6r, 2025. szeptember 12.<\/h2>\n\n\n\n<p class=\"wp-block-paragraph\"><strong>Feln\u0151tt<\/strong>: 1.500,-Ft\/ 3 m\u00e9rk\u0151z\u00e9s<br><strong>Di\u00e1k, nyugd\u00edjas<\/strong>: 700,-Ft\/ 3 m\u00e9rk\u0151z\u00e9s<br>8 \u00e9ves kor alatt ingyenes, feln\u0151tt k\u00eds\u00e9rete mellett<\/p>\n\n\n\n<h2 class=\"wp-block-heading\">OB I bajnoks\u00e1g (hazai m\u00e9rk\u0151z\u00e9sek)<\/h2>\n\n\n\n<p class=\"wp-block-paragraph\"><strong>Feln\u0151tt<\/strong>: 1.000,-Ft\/m\u00e9rk\u0151z\u00e9s<br><strong>Di\u00e1k, nyugd\u00edjas<\/strong>: 500,-Ft\/m\u00e9rk\u0151z\u00e9s<br>8 \u00e9ves kor alatt ingyenes, feln\u0151tt k\u00eds\u00e9rete mellett<\/p>\n\n\n\n<h2 class=\"wp-block-heading\">P\u00e1ros m\u00e9rk\u0151z\u00e9s eset\u00e9n (OB I \u00e9s OB I \/ B)<\/h2>\n\n\n\n<p class=\"wp-block-paragraph\"><strong>Feln\u0151tt:<\/strong>&nbsp;1.500,-Ft \/ 2 m\u00e9rk\u0151z\u00e9s<br><strong>Di\u00e1k, nyugd\u00edjas:<\/strong>&nbsp;750,-Ft \/ 2 m\u00e9rk\u0151z\u00e9s<\/p>\n\n\n\n<h2 class=\"wp-block-heading\">Di\u00e1k \u00e9s nyugd\u00edjas jegy jogosults\u00e1g<\/h2>\n\n\n\n<p class=\"wp-block-paragraph\">2007. janu\u00e1r 01. ut\u00e1n sz\u00fcletettek \u00e9rv\u00e9nyes di\u00e1kigazolv\u00e1ny felmutat\u00e1sa mellett.<\/p>\n\n\n\n<p class=\"wp-block-paragraph\">Nyugd\u00edjasok, bet\u00f6lt\u00f6tt 65. \u00e9let\u00e9v, illetve \u00e9rv\u00e9nyes nyugd\u00edjas igazolv\u00e1ny felmutat\u00e1sa mellett.<\/p>\n\n\n\n<p class=\"wp-block-paragraph\">Sz\u00e9chenyi Istv\u00e1n Egyetem polg\u00e1rai az egyetemi k\u00e1rtya felmutat\u00e1s\u00e1val jogosultak, \u00e9letkor megk\u00f6t\u00e9s n\u00e9lk\u00fcl, di\u00e1kjegy v\u00e1s\u00e1rl\u00e1sa mellett megtekinteni a m\u00e9rk\u0151z\u00e9seket.<\/p>\n\n\n\n<p class=\"wp-block-paragraph\">Jegyek szem\u00e9lyesen megv\u00e1s\u00e1rolhat\u00f3k el\u0151v\u00e1s\u00e1rl\u00e1ssal, a Gy\u0151ri V\u00edzisport KFT irod\u00e1j\u00e1ban (9025 Gy\u0151r, T\u00f6lt\u00e9sszer u. 24.), a m\u00e9rk\u0151z\u00e9st megel\u0151z\u0151 napig, munkanapokon 9:00 \u2013 12:00<br>k\u00f6z\u00f6tt.<\/p>\n\n\n\n<p class=\"wp-block-paragraph\">A helysz\u00edni jegy\u00e9rt\u00e9kes\u00edt\u00e9s a m\u00e9rk\u0151z\u00e9sek kezdete el\u0151tt 30 perccel indul, az Aqua Sportk\u00f6zpontban (9025 Gy\u0151r, Olimpia u. 1.).<\/p>\n\n\n\n<p class=\"wp-block-paragraph\">\u00c1ll\u00f3helyet nem \u00e9rt\u00e9kes\u00edt\u00fcnk, a n\u00e9z\u0151t\u00e9ren a helyfoglal\u00e1s \u00e9rkez\u00e9si sorrendben t\u00f6rt\u00e9nik.<\/p>\n\n\n\n<p class=\"wp-block-paragraph\">Elveszett jegy helyett m\u00e1sikat nem biztos\u00edtunk.<\/p>\n\n\n\n<p class=\"wp-block-paragraph\">Hamis, s\u00e9r\u00fclt, vagy megrong\u00e1l\u00f3dott jegy bel\u00e9p\u00e9sre nem jogos\u00edt.<\/p>\n","protected":false},"excerpt":{"rendered":"<p>Jegy\u00e1rak a 2025\/2026-os szezonra BENU Magyar Kupa, kvalifik\u00e1ci\u00f3s k\u00f6r, 2025. szeptember 12. Feln\u0151tt: 1.500,-Ft\/ 3 m\u00e9rk\u0151z\u00e9sDi\u00e1k, nyugd\u00edjas: 700,-Ft\/ 3 m\u00e9rk\u0151z\u00e9s8 \u00e9ves kor alatt ingyenes, feln\u0151tt k\u00eds\u00e9rete mellett OB I bajnoks\u00e1g (hazai m\u00e9rk\u0151z\u00e9sek) Feln\u0151tt: 1.000,-Ft\/m\u00e9rk\u0151z\u00e9sDi\u00e1k, nyugd\u00edjas: 500,-Ft\/m\u00e9rk\u0151z\u00e9s8 \u00e9ves kor alatt ingyenes, feln\u0151tt k\u00eds\u00e9rete mellett P\u00e1ros m\u00e9rk\u0151z\u00e9s eset\u00e9n (OB I \u00e9s OB&hellip; <\/p>\n","protected":false},"author":1,"featured_media":0,"parent":0,"menu_order":0,"comment_status":"closed","ping_status":"closed","template":"","meta":{"footnotes":""},"class_list":["post-507","page","type-page","status-publish","hentry"],"_links":{"self":[{"href":"https:\/\/pepe264.net3d.hu\/index.php?rest_route=\/wp\/v2\/pages\/507","targetHints":{"allow":["GET"]}}],"collection":[{"href":"https:\/\/pepe264.net3d.hu\/index.php?rest_route=\/wp\/v2\/pages"}],"about":[{"href":"https:\/\/pepe264.net3d.hu\/index.php?rest_route=\/wp\/v2\/types\/page"}],"author":[{"embeddable":true,"href":"https:\/\/pepe264.net3d.hu\/index.php?rest_route=\/wp\/v2\/users\/1"}],"replies":[{"embeddable":true,"href":"https:\/\/pepe264.net3d.hu\/index.php?rest_route=%2Fwp%2Fv2%2Fcomments&post=507"}],"version-history":[{"count":1,"href":"https:\/\/pepe264.net3d.hu\/index.php?rest_route=\/wp\/v2\/pages\/507\/revisions"}],"predecessor-version":[{"id":508,"href":"https:\/\/pepe264.net3d.hu\/index.php?rest_route=\/wp\/v2\/pages\/507\/revisions\/508"}],"wp:attachment":[{"href":"https:\/\/pepe264.net3d.hu\/index.php?rest_route=%2Fwp%2Fv2%2Fmedia&parent=507"}],"curies":[{"name":"wp","href":"https:\/\/api.w.org\/{rel}","templated":true}]}}

JEGYINFORMÁCIÓ

<h2 class="wp-block-heading">Jegyárak a 2025/2026-os szezonra</h2>



<h2 class="wp-block-heading">BENU Magyar Kupa, kvalifikációs kör, 2025. szeptember 12.</h2>



<p class="wp-block-paragraph"><strong>Felnőtt</strong>: 1.500,-Ft/ 3 mérkőzés<br><strong>Diák, nyugdíjas</strong>: 700,-Ft/ 3 mérkőzés<br>8 éves kor alatt ingyenes, felnőtt kísérete mellett</p>



<h2 class="wp-block-heading">OB I bajnokság (hazai mérkőzések)</h2>



<p class="wp-block-paragraph"><strong>Felnőtt</strong>: 1.000,-Ft/mérkőzés<br><strong>Diák, nyugdíjas</strong>: 500,-Ft/mérkőzés<br>8 éves kor alatt ingyenes, felnőtt kísérete mellett</p>



<h2 class="wp-block-heading">Páros mérkőzés esetén (OB I és OB I / B)</h2>



<p class="wp-block-paragraph"><strong>Felnőtt:</strong>&nbsp;1.500,-Ft / 2 mérkőzés<br><strong>Diák, nyugdíjas:</strong>&nbsp;750,-Ft / 2 mérkőzés</p>



<h2 class="wp-block-heading">Diák és nyugdíjas jegy jogosultság</h2>



<p class="wp-block-paragraph">2007. január 01. után születettek érvényes diákigazolvány felmutatása mellett.</p>



<p class="wp-block-paragraph">Nyugdíjasok, betöltött 65. életév, illetve érvényes nyugdíjas igazolvány felmutatása mellett.</p>



<p class="wp-block-paragraph">Széchenyi István Egyetem polgárai az egyetemi kártya felmutatásával jogosultak, életkor megkötés nélkül, diákjegy vásárlása mellett megtekinteni a mérkőzéseket.</p>



<p class="wp-block-paragraph">Jegyek személyesen megvásárolhatók elővásárlással, a Győri Vízisport KFT irodájában (9025 Győr, Töltésszer u. 24.), a mérkőzést megelőző napig, munkanapokon 9:00 – 12:00<br>között.</p>



<p class="wp-block-paragraph">A helyszíni jegyértékesítés a mérkőzések kezdete előtt 30 perccel indul, az Aqua Sportközpontban (9025 Győr, Olimpia u. 1.).</p>



<p class="wp-block-paragraph">Állóhelyet nem értékesítünk, a nézőtéren a helyfoglalás érkezési sorrendben történik.</p>



<p class="wp-block-paragraph">Elveszett jegy helyett másikat nem biztosítunk.</p>



<p class="wp-block-paragraph">Hamis, sérült, vagy megrongálódott jegy belépésre nem jogosít.</p>

<p>Jegyárak a 2025/2026-os szezonra BENU Magyar Kupa, kvalifikációs kör, 2025. szeptember 12. Felnőtt: 1.500,-Ft/ 3 mérkőzésDiák, nyugdíjas: 700,-Ft/ 3 mérkőzés8 éves kor alatt ingyenes, felnőtt kísérete mellett OB I bajnokság (hazai mérkőzések) Felnőtt: 1.000,-Ft/mérkőzésDiák, nyugdíjas: 500,-Ft/mérkőzés8 éves kor alatt ingyenes, felnőtt kísérete mellett Páros mérkőzés esetén (OB I és OB&hellip; </p>
