{"id":50,"date":"2026-07-17T16:23:34","date_gmt":"2026-07-17T16:23:34","guid":{"rendered":"https:\/\/pepe264.net3d.hu\/?page_id=50"},"modified":"2026-07-25T23:26:27","modified_gmt":"2026-07-25T23:26:27","slug":"kupagyozelem-a-duna-ligaban","status":"publish","type":"page","link":"https:\/\/pepe264.net3d.hu\/?page_id=50","title":{"rendered":"T\u00d6RT\u00c9NELMI KUPAGY\u0150ZELEM A DUNA LIG\u00c1BAN"},"content":{"rendered":"\n<figure class=\"wp-block-image size-large\"><img loading=\"lazy\" decoding=\"async\" width=\"1024\" height=\"536\" src=\"https:\/\/pepe264.net3d.hu\/wp-content\/uploads\/2026\/07\/706506328_1513506600358614_3801475446967291186_n-1024x536.jpeg\" alt=\"\" class=\"wp-image-100\" srcset=\"https:\/\/pepe264.net3d.hu\/wp-content\/uploads\/2026\/07\/706506328_1513506600358614_3801475446967291186_n-1024x536.jpeg 1024w, https:\/\/pepe264.net3d.hu\/wp-content\/uploads\/2026\/07\/706506328_1513506600358614_3801475446967291186_n-300x157.jpeg 300w, https:\/\/pepe264.net3d.hu\/wp-content\/uploads\/2026\/07\/706506328_1513506600358614_3801475446967291186_n-768x402.jpeg 768w, https:\/\/pepe264.net3d.hu\/wp-content\/uploads\/2026\/07\/706506328_1513506600358614_3801475446967291186_n.jpeg 1239w\" sizes=\"auto, (max-width: 1024px) 100vw, 1024px\" \/><\/figure>\n\n\n\n<p class=\"wp-block-paragraph\">A Duna Liga (Danube League) a k\u00f6z\u00e9p-eur\u00f3pai n\u0151i v\u00edzilabda egyik legfontosabb nemzetk\u00f6zi klubsorozata, amelyet az\u00e9rt hoztak l\u00e9tre, hogy a r\u00e9sztvev\u0151 egyes\u00fcletek a hazai bajnoki m\u00e9rk\u0151z\u00e9sek mellett rendszeresen nemzetk\u00f6zi ellenfelekkel is \u00f6sszem\u00e9rhess\u00e9k tud\u00e1sukat. A sorozatban els\u0151sorban magyar, szerb, rom\u00e1n \u00e9s osztr\u00e1k csapatok szerepelnek, de az elm\u00falt \u00e9vekben m\u00e1s orsz\u00e1gok klubjai is bekapcsol\u00f3dtak a k\u00fczdelmekbe. B\u00e1r preszt\u00edzs\u00e9t tekintve a Duna Liga nem \u00e9ri el az eur\u00f3pai kupasorozatok szintj\u00e9t, fontos szerepet t\u00f6lt be a csapatok fejl\u0151d\u00e9s\u00e9ben, hiszen rendszeres nemzetk\u00f6zi m\u00e9rk\u0151z\u00e9slehet\u0151s\u00e9get biztos\u00edt a r\u00e9sztvev\u0151k sz\u00e1m\u00e1ra.<\/p>\n\n\n\n<p class=\"wp-block-paragraph\">A sorozat els\u0151 ki\u00edr\u00e1s\u00e1t 2019-ben rendezt\u00e9k meg, amelyet a Szentesi VK nyert meg. A COVID-j\u00e1rv\u00e1ny miatt 2020-ban nem ker\u00fclt sor a bajnoks\u00e1gra, ezt k\u00f6vet\u0151en azonban \u00fajraindult a verseny, \u00e9s fokozatosan egyre er\u0151sebb mez\u0151nyt vonultatott fel. A kor\u00e1bbi gy\u0151ztesek k\u00f6z\u00f6tt a Szentes, a Duna\u00fajv\u00e1ros \u00e9s a n\u00e9met Spandau 04 neve szerepel, m\u00edg a 2025\u20132026-os id\u00e9nyben el\u0151sz\u00f6r a gy\u0151ri klub emelhette magasba a tr\u00f3fe\u00e1t.<\/p>\n\n\n\n<p class=\"wp-block-paragraph\">A <strong>Uni Gy\u0151r GYVSE<\/strong> m\u00e1r az alapszakasz sor\u00e1n jelezte, hogy a v\u00e9gs\u0151 gy\u0151zelem egyik legf\u0151bb es\u00e9lyese. A csapat az els\u0151, szerbiai Be\u010dejben rendezett torn\u00e1n valamennyi m\u00e9rk\u0151z\u00e9s\u00e9t f\u00f6l\u00e9nyesen nyerte meg. A Partizan Belgr\u00e1d ellen 20\u20133-as, a Palilula ellen 25\u20134-es, az Alba Iulia ellen 17\u20138-as, a Crvena zvezda ellen 20\u20134-es, m\u00edg az osztr\u00e1k ASV Wien ellen 29\u20133-as gy\u0151zelmet aratott.<\/p>\n\n\n\n<p class=\"wp-block-paragraph\">A m\u00e1sodik, m\u00e1r Gy\u0151rben rendezett fordul\u00f3ban sem v\u00e1ltozott a forgat\u00f3k\u00f6nyv. A gy\u0151riek sorra m\u00falt\u00e1k fel\u00fcl ellenfeleiket: a Partizant 33\u20137-re, a Palilul\u00e1t 17\u20135-re, az ASV Wient 29\u20133-ra, a Crvena zvezd\u00e1t 22\u20133-ra gy\u0151zt\u00e9k le, m\u00edg az addig szint\u00e9n \u00e9lmez\u0151nyh\u00f6z tartoz\u00f3 Alba Iuli\u00e1t 17\u201314-re vert\u00e9k meg. A t\u00edz m\u00e9rk\u0151z\u00e9sb\u0151l t\u00edz gy\u0151zelmet szerz\u0151 egy\u00fcttes 229 l\u0151tt \u00e9s mind\u00f6ssze 54 kapott g\u00f3llal, veretlen\u00fcl v\u00e9gzett az alapszakasz \u00e9l\u00e9n.<\/p>\n\n\n\n<p class=\"wp-block-paragraph\">A bajnoki c\u00edm sors\u00e1r\u00f3l a rom\u00e1niai Gyulafeh\u00e9rv\u00e1ron megrendezett Final Four d\u00f6nt\u00f6tt 2026 m\u00e1jus\u00e1ban. Az el\u0151d\u00f6nt\u0151ben a gy\u0151riek ism\u00e9t magabiztos teljes\u00edtm\u00e9nyt ny\u00fajtottak, \u00e9s 19\u20138-ra legy\u0151zt\u00e9k a szerb Palilul\u00e1t. A d\u00f6nt\u0151ben az alapszakasz m\u00e1sodik helyezettje, az Alba Iulia k\u00f6vetkezett. A hazai k\u00f6z\u00f6ns\u00e9g t\u00e1mogat\u00e1s\u00e1t \u00e9lvez\u0151 rom\u00e1n csapat sok\u00e1ig tartotta a l\u00e9p\u00e9st, \u00e1m a Gy\u0151r v\u00e9g\u00fcl 13\u20138-as gy\u0151zelemmel lez\u00e1rta a fin\u00e1l\u00e9t, \u00e9s megszerezte t\u00f6rt\u00e9nete els\u0151 Duna Liga-bajnoki c\u00edm\u00e9t.<\/p>\n\n\n\n<p class=\"wp-block-paragraph\">A siker \u00e9rt\u00e9k\u00e9t n\u00f6veli, hogy a Uni Gy\u0151r GYVSE a teljes sorozat sor\u00e1n veretlen maradt. A csapat szerezte a legt\u00f6bb g\u00f3lt, kapta a legkevesebbet, \u00e9s magyar, szerb, rom\u00e1n valamint osztr\u00e1k ellenfelekkel szemben egyar\u00e1nt bizony\u00edtani tudott. A gy\u0151zelem egyben azt is jelezte, hogy a klub a hazai \u00e9lmez\u0151ny mellett m\u00e1r a nemzetk\u00f6zi porondon is egyre komolyabb t\u00e9nyez\u0151v\u00e9 v\u00e1lik.<\/p>\n\n\n\n<p class=\"wp-block-paragraph\">A sorozat lez\u00e1r\u00e1s\u00e1t k\u00f6vet\u0151en Petrovai M\u00e1rton vezet\u0151edz\u0151 kiemelte, hogy a Duna Liga legnagyobb \u00e9rt\u00e9ke a megszerzett nemzetk\u00f6zi tapasztalat volt. V\u00e9lem\u00e9nye szerint a rendszeres k\u00fclf\u00f6ldi m\u00e9rk\u0151z\u00e9sek jelent\u0151sen hozz\u00e1j\u00e1rultak a csapat fejl\u0151d\u00e9s\u00e9hez, az \u00f6sszeszokotts\u00e1g er\u0151s\u00edt\u00e9s\u00e9hez \u00e9s a j\u00e1t\u00e9kosok \u00f6nbizalm\u00e1nak n\u00f6vel\u00e9s\u00e9hez. A megszerzett tr\u00f3fea pedig fontos visszaigazol\u00e1sa annak a munk\u00e1nak, amelyet a klub az elm\u00falt \u00e9vekben a n\u0151i v\u00edzilabda fejleszt\u00e9se \u00e9rdek\u00e9ben v\u00e9gzett.<\/p>\n\n\n\n<p class=\"wp-block-paragraph\">A 2025\u20132026-os Duna Liga-gy\u0151zelem \u00edgy nemcsak egy \u00fajabb serleget jelentett a klub vitrinj\u00e9ben, hanem m\u00e9rf\u00f6ldk\u00f6vet is a gy\u0151ri n\u0151i v\u00edzilabda t\u00f6rt\u00e9net\u00e9ben: a Uni Gy\u0151r GYVSE els\u0151 nemzetk\u00f6zi klubtr\u00f3fe\u00e1j\u00e1t \u00fcnnepelhette.<\/p>\n","protected":false},"excerpt":{"rendered":"<p>A Duna Liga egy k\u00f6z\u00e9p-eur\u00f3pai nemzetk\u00f6zi n\u0151i v\u00edzilabda-sorozat, amelynek c\u00e9lja, hogy a r\u00e9szt vev\u0151 klubok a hazai bajnoks\u00e1g mellett tov\u00e1bbi magas sz\u00ednvonal\u00fa nemzetk\u00f6zi m\u00e9rk\u0151z\u00e9seket j\u00e1tsszanak. A sorozatot 2025\/26-ban csapatunk nyerte veretlen\u00fcl. Ez egyes\u00fclet\u00fcnk legnagyobb nemzetk\u00f6zi sikere.<\/p>\n","protected":false},"author":1,"featured_media":100,"parent":0,"menu_order":0,"comment_status":"closed","ping_status":"closed","template":"","meta":{"footnotes":""},"class_list":["post-50","page","type-page","status-publish","has-post-thumbnail","hentry"],"_links":{"self":[{"href":"https:\/\/pepe264.net3d.hu\/index.php?rest_route=\/wp\/v2\/pages\/50","targetHints":{"allow":["GET"]}}],"collection":[{"href":"https:\/\/pepe264.net3d.hu\/index.php?rest_route=\/wp\/v2\/pages"}],"about":[{"href":"https:\/\/pepe264.net3d.hu\/index.php?rest_route=\/wp\/v2\/types\/page"}],"author":[{"embeddable":true,"href":"https:\/\/pepe264.net3d.hu\/index.php?rest_route=\/wp\/v2\/users\/1"}],"replies":[{"embeddable":true,"href":"https:\/\/pepe264.net3d.hu\/index.php?rest_route=%2Fwp%2Fv2%2Fcomments&post=50"}],"version-history":[{"count":6,"href":"https:\/\/pepe264.net3d.hu\/index.php?rest_route=\/wp\/v2\/pages\/50\/revisions"}],"predecessor-version":[{"id":232,"href":"https:\/\/pepe264.net3d.hu\/index.php?rest_route=\/wp\/v2\/pages\/50\/revisions\/232"}],"wp:featuredmedia":[{"embeddable":true,"href":"https:\/\/pepe264.net3d.hu\/index.php?rest_route=\/wp\/v2\/media\/100"}],"wp:attachment":[{"href":"https:\/\/pepe264.net3d.hu\/index.php?rest_route=%2Fwp%2Fv2%2Fmedia&parent=50"}],"curies":[{"name":"wp","href":"https:\/\/api.w.org\/{rel}","templated":true}]}}

TÖRTÉNELMI KUPAGYŐZELEM A DUNA LIGÁBAN

<figure class="wp-block-image size-large"><img loading="lazy" decoding="async" width="1024" height="536" src="https://pepe264.net3d.hu/wp-content/uploads/2026/07/706506328_1513506600358614_3801475446967291186_n-1024x536.jpeg" alt="" class="wp-image-100" srcset="https://pepe264.net3d.hu/wp-content/uploads/2026/07/706506328_1513506600358614_3801475446967291186_n-1024x536.jpeg 1024w, https://pepe264.net3d.hu/wp-content/uploads/2026/07/706506328_1513506600358614_3801475446967291186_n-300x157.jpeg 300w, https://pepe264.net3d.hu/wp-content/uploads/2026/07/706506328_1513506600358614_3801475446967291186_n-768x402.jpeg 768w, https://pepe264.net3d.hu/wp-content/uploads/2026/07/706506328_1513506600358614_3801475446967291186_n.jpeg 1239w" sizes="auto, (max-width: 1024px) 100vw, 1024px" /></figure>



<p class="wp-block-paragraph">A Duna Liga (Danube League) a közép-európai női vízilabda egyik legfontosabb nemzetközi klubsorozata, amelyet azért hoztak létre, hogy a résztvevő egyesületek a hazai bajnoki mérkőzések mellett rendszeresen nemzetközi ellenfelekkel is összemérhessék tudásukat. A sorozatban elsősorban magyar, szerb, román és osztrák csapatok szerepelnek, de az elmúlt években más országok klubjai is bekapcsolódtak a küzdelmekbe. Bár presztízsét tekintve a Duna Liga nem éri el az európai kupasorozatok szintjét, fontos szerepet tölt be a csapatok fejlődésében, hiszen rendszeres nemzetközi mérkőzéslehetőséget biztosít a résztvevők számára.</p>



<p class="wp-block-paragraph">A sorozat első kiírását 2019-ben rendezték meg, amelyet a Szentesi VK nyert meg. A COVID-járvány miatt 2020-ban nem került sor a bajnokságra, ezt követően azonban újraindult a verseny, és fokozatosan egyre erősebb mezőnyt vonultatott fel. A korábbi győztesek között a Szentes, a Dunaújváros és a német Spandau 04 neve szerepel, míg a 2025–2026-os idényben először a győri klub emelhette magasba a trófeát.</p>



<p class="wp-block-paragraph">A <strong>Uni Győr GYVSE</strong> már az alapszakasz során jelezte, hogy a végső győzelem egyik legfőbb esélyese. A csapat az első, szerbiai Bečejben rendezett tornán valamennyi mérkőzését fölényesen nyerte meg. A Partizan Belgrád ellen 20–3-as, a Palilula ellen 25–4-es, az Alba Iulia ellen 17–8-as, a Crvena zvezda ellen 20–4-es, míg az osztrák ASV Wien ellen 29–3-as győzelmet aratott.</p>



<p class="wp-block-paragraph">A második, már Győrben rendezett fordulóban sem változott a forgatókönyv. A győriek sorra múlták felül ellenfeleiket: a Partizant 33–7-re, a Palilulát 17–5-re, az ASV Wient 29–3-ra, a Crvena zvezdát 22–3-ra győzték le, míg az addig szintén élmezőnyhöz tartozó Alba Iuliát 17–14-re verték meg. A tíz mérkőzésből tíz győzelmet szerző együttes 229 lőtt és mindössze 54 kapott góllal, veretlenül végzett az alapszakasz élén.</p>



<p class="wp-block-paragraph">A bajnoki cím sorsáról a romániai Gyulafehérváron megrendezett Final Four döntött 2026 májusában. Az elődöntőben a győriek ismét magabiztos teljesítményt nyújtottak, és 19–8-ra legyőzték a szerb Palilulát. A döntőben az alapszakasz második helyezettje, az Alba Iulia következett. A hazai közönség támogatását élvező román csapat sokáig tartotta a lépést, ám a Győr végül 13–8-as győzelemmel lezárta a finálét, és megszerezte története első Duna Liga-bajnoki címét.</p>



<p class="wp-block-paragraph">A siker értékét növeli, hogy a Uni Győr GYVSE a teljes sorozat során veretlen maradt. A csapat szerezte a legtöbb gólt, kapta a legkevesebbet, és magyar, szerb, román valamint osztrák ellenfelekkel szemben egyaránt bizonyítani tudott. A győzelem egyben azt is jelezte, hogy a klub a hazai élmezőny mellett már a nemzetközi porondon is egyre komolyabb tényezővé válik.</p>



<p class="wp-block-paragraph">A sorozat lezárását követően Petrovai Márton vezetőedző kiemelte, hogy a Duna Liga legnagyobb értéke a megszerzett nemzetközi tapasztalat volt. Véleménye szerint a rendszeres külföldi mérkőzések jelentősen hozzájárultak a csapat fejlődéséhez, az összeszokottság erősítéséhez és a játékosok önbizalmának növeléséhez. A megszerzett trófea pedig fontos visszaigazolása annak a munkának, amelyet a klub az elmúlt években a női vízilabda fejlesztése érdekében végzett.</p>



<p class="wp-block-paragraph">A 2025–2026-os Duna Liga-győzelem így nemcsak egy újabb serleget jelentett a klub vitrinjében, hanem mérföldkövet is a győri női vízilabda történetében: a Uni Győr GYVSE első nemzetközi klubtrófeáját ünnepelhette.</p>

<p>A Duna Liga egy közép-európai nemzetközi női vízilabda-sorozat, amelynek célja, hogy a részt vevő klubok a hazai bajnokság mellett további magas színvonalú nemzetközi mérkőzéseket játsszanak. A sorozatot 2025/26-ban csapatunk nyerte veretlenül. Ez egyesületünk legnagyobb nemzetközi sikere.</p>
