{"id":43,"date":"2026-07-11T08:55:30","date_gmt":"2026-07-11T08:55:30","guid":{"rendered":"https:\/\/pepe264.net3d.hu\/?page_id=43"},"modified":"2026-07-11T08:55:30","modified_gmt":"2026-07-11T08:55:30","slug":"szinkronuszo-edzok","status":"publish","type":"page","link":"https:\/\/pepe264.net3d.hu\/?page_id=43","title":{"rendered":"SZINKRON\u00daSZ\u00d3 EDZ\u0150K"},"content":{"rendered":"\n<p class=\"wp-block-paragraph\"><strong>Pint\u00e9rn\u00e9 Varga Eszter<\/strong> a m\u0171\u00fasz\u00e1s meghat\u00e1roz\u00f3 ut\u00e1np\u00f3tl\u00e1sedz\u0151i k\u00f6z\u00e9 tartozik.<\/p>\n\n\n\n<ul class=\"wp-block-list\">\n<li>\u00e9vek \u00f3ta r\u00e9szt veszt a fiatal versenyz\u0151k felk\u00e9sz\u00edt\u00e9s\u00e9ben.<\/li>\n\n\n\n<li>T\u00f6bb hazai \u00e9s nemzetk\u00f6zi ut\u00e1np\u00f3tl\u00e1s-versenyen az \u00e1ltala felk\u00e9sz\u00edtett sportol\u00f3k eredm\u00e9nyesen szerepeltek. P\u00e9ld\u00e1ul a 2015-\u00f6s <strong>Austrian Youth Open<\/strong> versenyen a gy\u0151ri versenyz\u0151k t\u00f6bb dobog\u00f3s helyez\u00e9st \u00e9rtek el.<\/li>\n\n\n\n<li>A 2015-\u00f6s <strong>Aqua Kup\u00e1n<\/strong> a GYVSE versenyz\u0151i sz\u00e1mos arany-, ez\u00fcst- \u00e9s bronz\u00e9rmet szereztek. <\/li>\n\n\n\n<li>A szakoszt\u00e1ly toborz\u00f3programjaiban is akt\u00edv szerepet v\u00e1llal: a jelentkez\u0151k sz\u00e1m\u00e1ra \u0151 az egyik hivatalos kapcsolattart\u00f3.<\/li>\n\n\n\n<li>a kezd\u0151 \u00e9s fiatal m\u0171\u00fasz\u00f3k oktat\u00e1sa, a technikai \u00e9s koreogr\u00e1fiai felk\u00e9sz\u00edt\u00e9s \u00e9s a versenyekre val\u00f3 felk\u00e9sz\u00edt\u00e9s mind tetten \u00e9rhet\u0151 a munk\u00e1j\u00e1ban<\/li>\n<\/ul>\n\n\n\n<p class=\"wp-block-paragraph\">A m\u0171\u00fasz\u00e1sban az edz\u0151 munk\u00e1ja nemcsak az \u00fasz\u00e1stechnika tan\u00edt\u00e1s\u00e1t jelenti, hanem balett-, ritmus- \u00e9s koordin\u00e1ci\u00f3s k\u00e9pz\u00e9st, valamint a versenyk\u0171r\u00f6k \u00f6ssze\u00e1ll\u00edt\u00e1s\u00e1t \u00e9s begyakoroltat\u00e1s\u00e1t is.<\/p>\n\n\n\n<h2 class=\"wp-block-heading\">A szakmai st\u00e1b<\/h2>\n\n\n\n<p class=\"wp-block-paragraph\"><strong>Pint\u00e9rn\u00e9 Varga Eszter<\/strong><\/p>\n\n\n\n<ul class=\"wp-block-list\">\n<li>Vezet\u0151 edz\u0151, szinkron\u00fasz\u00f3 edz\u0151, testnevel\u0151 tan\u00e1r \u00a0 \u00a0 \u00a0 \u00a0 \u00a0<\/li>\n\n\n\n<li>Tel: + 36 30 650 3716\u00a0 \u00a0 \u00a0 \u00a0 \u00a0 \u00a0 \u00a0 \u00a0<\/li>\n<\/ul>\n\n\n\n<p class=\"wp-block-paragraph\"><strong>Schneider Fanni<\/strong><\/p>\n\n\n\n<ul class=\"wp-block-list\">\n<li>Edz\u0151, balett \u00e9s t\u00e1nc oktat\u00f3<\/li>\n<\/ul>\n\n\n\n<p class=\"wp-block-paragraph\"><strong>P\u00f3zvain\u00e9 Vadas Vikt\u00f3ria<\/strong><\/p>\n\n\n\n<ul class=\"wp-block-list\">\n<li>\u00dasz\u00e1soktat\u00f3, testnevel\u00e9s szakos tan\u00edt\u00f3<\/li>\n<\/ul>\n\n\n\n<p class=\"wp-block-paragraph\"><strong>Pint\u00e9r Borb\u00e1la<\/strong><\/p>\n\n\n\n<ul class=\"wp-block-list\">\n<li>\u00dasz\u00e1soktat\u00f3, feln\u0151tt koroszt\u00e1ly\u00fa versenyz\u0151<\/li>\n<\/ul>\n","protected":false},"excerpt":{"rendered":"<p>A m\u0171\u00fasz\u00e1sban az edz\u0151 munk\u00e1ja nemcsak az \u00fasz\u00e1stechnika tan\u00edt\u00e1s\u00e1t jelenti, hanem balett-, ritmus- \u00e9s koordin\u00e1ci\u00f3s k\u00e9pz\u00e9st, valamint a versenyk\u0171r\u00f6k \u00f6ssze\u00e1ll\u00edt\u00e1s\u00e1t \u00e9s begyakoroltat\u00e1s\u00e1t is.<\/p>\n","protected":false},"author":1,"featured_media":44,"parent":0,"menu_order":0,"comment_status":"closed","ping_status":"closed","template":"","meta":{"footnotes":""},"class_list":["post-43","page","type-page","status-publish","has-post-thumbnail","hentry"],"_links":{"self":[{"href":"https:\/\/pepe264.net3d.hu\/index.php?rest_route=\/wp\/v2\/pages\/43","targetHints":{"allow":["GET"]}}],"collection":[{"href":"https:\/\/pepe264.net3d.hu\/index.php?rest_route=\/wp\/v2\/pages"}],"about":[{"href":"https:\/\/pepe264.net3d.hu\/index.php?rest_route=\/wp\/v2\/types\/page"}],"author":[{"embeddable":true,"href":"https:\/\/pepe264.net3d.hu\/index.php?rest_route=\/wp\/v2\/users\/1"}],"replies":[{"embeddable":true,"href":"https:\/\/pepe264.net3d.hu\/index.php?rest_route=%2Fwp%2Fv2%2Fcomments&post=43"}],"version-history":[{"count":1,"href":"https:\/\/pepe264.net3d.hu\/index.php?rest_route=\/wp\/v2\/pages\/43\/revisions"}],"predecessor-version":[{"id":45,"href":"https:\/\/pepe264.net3d.hu\/index.php?rest_route=\/wp\/v2\/pages\/43\/revisions\/45"}],"wp:featuredmedia":[{"embeddable":true,"href":"https:\/\/pepe264.net3d.hu\/index.php?rest_route=\/wp\/v2\/media\/44"}],"wp:attachment":[{"href":"https:\/\/pepe264.net3d.hu\/index.php?rest_route=%2Fwp%2Fv2%2Fmedia&parent=43"}],"curies":[{"name":"wp","href":"https:\/\/api.w.org\/{rel}","templated":true}]}}

SZINKRONÚSZÓ EDZŐK

<p class="wp-block-paragraph"><strong>Pintérné Varga Eszter</strong> a műúszás meghatározó utánpótlásedzői közé tartozik.</p>



<ul class="wp-block-list">
<li>évek óta részt veszt a fiatal versenyzők felkészítésében.</li>



<li>Több hazai és nemzetközi utánpótlás-versenyen az általa felkészített sportolók eredményesen szerepeltek. Például a 2015-ös <strong>Austrian Youth Open</strong> versenyen a győri versenyzők több dobogós helyezést értek el.</li>



<li>A 2015-ös <strong>Aqua Kupán</strong> a GYVSE versenyzői számos arany-, ezüst- és bronzérmet szereztek. </li>



<li>A szakosztály toborzóprogramjaiban is aktív szerepet vállal: a jelentkezők számára ő az egyik hivatalos kapcsolattartó.</li>



<li>a kezdő és fiatal műúszók oktatása, a technikai és koreográfiai felkészítés és a versenyekre való felkészítés mind tetten érhető a munkájában</li>
</ul>



<p class="wp-block-paragraph">A műúszásban az edző munkája nemcsak az úszástechnika tanítását jelenti, hanem balett-, ritmus- és koordinációs képzést, valamint a versenykűrök összeállítását és begyakoroltatását is.</p>



<h2 class="wp-block-heading">A szakmai stáb</h2>



<p class="wp-block-paragraph"><strong>Pintérné Varga Eszter</strong></p>



<ul class="wp-block-list">
<li>Vezető edző, szinkronúszó edző, testnevelő tanár          </li>



<li>Tel: + 36 30 650 3716               </li>
</ul>



<p class="wp-block-paragraph"><strong>Schneider Fanni</strong></p>



<ul class="wp-block-list">
<li>Edző, balett és tánc oktató</li>
</ul>



<p class="wp-block-paragraph"><strong>Pózvainé Vadas Viktória</strong></p>



<ul class="wp-block-list">
<li>Úszásoktató, testnevelés szakos tanító</li>
</ul>



<p class="wp-block-paragraph"><strong>Pintér Borbála</strong></p>



<ul class="wp-block-list">
<li>Úszásoktató, felnőtt korosztályú versenyző</li>
</ul>

<p>A műúszásban az edző munkája nemcsak az úszástechnika tanítását jelenti, hanem balett-, ritmus- és koordinációs képzést, valamint a versenykűrök összeállítását és begyakoroltatását is.</p>
