{"id":40,"date":"2026-07-11T08:58:54","date_gmt":"2026-07-11T08:58:54","guid":{"rendered":"https:\/\/pepe264.net3d.hu\/?page_id=40"},"modified":"2026-07-11T08:58:54","modified_gmt":"2026-07-11T08:58:54","slug":"szinkronuszo-edzesek","status":"publish","type":"page","link":"https:\/\/pepe264.net3d.hu\/?page_id=40","title":{"rendered":"SZINKRON\u00daSZ\u00d3 EDZ\u00c9SEK"},"content":{"rendered":"\n<p class=\"wp-block-paragraph\"><strong>Kezd\u0151k:&nbsp;<\/strong><\/p>\n\n\n\n<ul class=\"wp-block-list\">\n<li>Kedd: 18.15-19.45 \u2013\u00a0<strong>Aqua uszoda<\/strong><\/li>\n\n\n\n<li>Szerda: 16.45-17.30 \u2013\u00a0<strong>Sz\u00e1razf\u00f6ldi edz\u00e9s a Bercs\u00e9nyiben (okt\u00f3bert\u0151l)\u00a0<\/strong><\/li>\n\n\n\n<li>Cs\u00fct\u00f6rt\u00f6k: 18.15-19.45 \u2013\u00a0<strong>Aqua uszoda<\/strong><\/li>\n<\/ul>\n\n\n\n<p class=\"wp-block-paragraph\"><strong>Kezd\u0151 halad\u00f3:&nbsp;<\/strong><\/p>\n\n\n\n<ul class=\"wp-block-list\">\n<li>Kedd: 18.15-20.00 \u2013\u00a0<strong>Aqua uszoda\u00a0<\/strong><\/li>\n\n\n\n<li>Szerda: 16.45-17.30 \u2013\u00a0<strong>Sz\u00e1razf\u00f6ldi edz\u00e9s a Bercs\u00e9nyiben (okt\u00f3bert\u0151l)\u00a0<\/strong><\/li>\n\n\n\n<li>Cs\u00fct\u00f6rt\u00f6k:\u00a018.15-20.00 \u2013\u00a0<strong>Aqua uszoda<\/strong><\/li>\n<\/ul>\n\n\n\n<p class=\"wp-block-paragraph\"><strong>Halad\u00f3 1:&nbsp;<\/strong><\/p>\n\n\n\n<ul class=\"wp-block-list\">\n<li>H\u00e9tf\u0151, kedd, szerda: 18.15-20.00 \u2013\u00a0<strong>Aqua uszoda<\/strong><\/li>\n\n\n\n<li><em>[okt\u00f3bert\u0151l szerd\u00e1nk\u00e9nt Bercs\u00e9nyi, b\u0151vebb inf\u00f3 k\u00e9s\u0151bb]<\/em><\/li>\n<\/ul>\n\n\n\n<p class=\"wp-block-paragraph\"><strong>Halad\u00f3 2:&nbsp;<\/strong><\/p>\n\n\n\n<ul class=\"wp-block-list\">\n<li>H\u00e9tf\u0151, szerda, cs\u00fct\u00f6rt\u00f6k: 18.15-20.00 \u2013\u00a0<strong>Aqua uszoda\u00a0<\/strong><\/li>\n\n\n\n<li><em>[okt\u00f3bert\u0151l szerd\u00e1nk\u00e9nt Bercs\u00e9nyi, b\u0151vebb inf\u00f3 k\u00e9s\u0151bb]<\/em><\/li>\n<\/ul>\n\n\n\n<p class=\"wp-block-paragraph\"><strong>Fina csoport:&nbsp;<\/strong><\/p>\n\n\n\n<ul class=\"wp-block-list\">\n<li>H\u00e9tf\u0151, kedd, szerda, cs\u00fct\u00f6rt\u00f6k: 18.15-20.00 (20.30)\u00a0 \u2013<strong>Aqua uszoda\u00a0<\/strong><\/li>\n<\/ul>\n\n\n\n<p class=\"wp-block-paragraph\">Plusz edz\u00e9sk\u00e9nt a kijel\u00f6lt edz\u00e9snapokon k\u00edv\u00fcl is lehet edzeni.&nbsp;<\/p>\n\n\n\n<p class=\"wp-block-paragraph\"><strong>Szakoszt\u00e1lyi szolg\u00e1ltat\u00e1si d\u00edj:&nbsp;<\/strong>15.000 forint<\/p>\n","protected":false},"excerpt":{"rendered":"<p>A GYVSE m\u0171\u00fasz\u00f3 szakoszt\u00e1ly\u00e1ban jelenleg t\u00f6bb tucat gyermek sportol, akik \u00e9letkoruknak \u00e9s tud\u00e1sszintj\u00fcknek megfelel\u0151 csoportokban k\u00e9sz\u00fclnek. Az egyes\u00fclet nagy hangs\u00falyt fektet arra, hogy a versenyz\u00e9s mellett \u00f6r\u00f6mteli k\u00f6z\u00f6ss\u00e9get is teremtsen. A k\u00f6z\u00f6s edz\u0151t\u00e1borok, bemutat\u00f3k, versenyek \u00e9s csapatprogramok hozz\u00e1j\u00e1rulnak ahhoz, hogy a sportol\u00f3k nemcsak kiv\u00e1l\u00f3 \u00fasz\u00f3kk\u00e1, hanem \u00f6sszetart\u00f3 k\u00f6z\u00f6ss\u00e9g tagjaiv\u00e1 is v\u00e1ljanak.<\/p>\n","protected":false},"author":1,"featured_media":41,"parent":0,"menu_order":0,"comment_status":"closed","ping_status":"closed","template":"","meta":{"footnotes":""},"class_list":["post-40","page","type-page","status-publish","has-post-thumbnail","hentry"],"_links":{"self":[{"href":"https:\/\/pepe264.net3d.hu\/index.php?rest_route=\/wp\/v2\/pages\/40","targetHints":{"allow":["GET"]}}],"collection":[{"href":"https:\/\/pepe264.net3d.hu\/index.php?rest_route=\/wp\/v2\/pages"}],"about":[{"href":"https:\/\/pepe264.net3d.hu\/index.php?rest_route=\/wp\/v2\/types\/page"}],"author":[{"embeddable":true,"href":"https:\/\/pepe264.net3d.hu\/index.php?rest_route=\/wp\/v2\/users\/1"}],"replies":[{"embeddable":true,"href":"https:\/\/pepe264.net3d.hu\/index.php?rest_route=%2Fwp%2Fv2%2Fcomments&post=40"}],"version-history":[{"count":1,"href":"https:\/\/pepe264.net3d.hu\/index.php?rest_route=\/wp\/v2\/pages\/40\/revisions"}],"predecessor-version":[{"id":42,"href":"https:\/\/pepe264.net3d.hu\/index.php?rest_route=\/wp\/v2\/pages\/40\/revisions\/42"}],"wp:featuredmedia":[{"embeddable":true,"href":"https:\/\/pepe264.net3d.hu\/index.php?rest_route=\/wp\/v2\/media\/41"}],"wp:attachment":[{"href":"https:\/\/pepe264.net3d.hu\/index.php?rest_route=%2Fwp%2Fv2%2Fmedia&parent=40"}],"curies":[{"name":"wp","href":"https:\/\/api.w.org\/{rel}","templated":true}]}}

SZINKRONÚSZÓ EDZÉSEK

<p class="wp-block-paragraph"><strong>Kezdők:&nbsp;</strong></p>



<ul class="wp-block-list">
<li>Kedd: 18.15-19.45 – <strong>Aqua uszoda</strong></li>



<li>Szerda: 16.45-17.30 – <strong>Szárazföldi edzés a Bercsényiben (októbertől) </strong></li>



<li>Csütörtök: 18.15-19.45 – <strong>Aqua uszoda</strong></li>
</ul>



<p class="wp-block-paragraph"><strong>Kezdő haladó:&nbsp;</strong></p>



<ul class="wp-block-list">
<li>Kedd: 18.15-20.00 – <strong>Aqua uszoda </strong></li>



<li>Szerda: 16.45-17.30 – <strong>Szárazföldi edzés a Bercsényiben (októbertől) </strong></li>



<li>Csütörtök: 18.15-20.00 – <strong>Aqua uszoda</strong></li>
</ul>



<p class="wp-block-paragraph"><strong>Haladó 1:&nbsp;</strong></p>



<ul class="wp-block-list">
<li>Hétfő, kedd, szerda: 18.15-20.00 – <strong>Aqua uszoda</strong></li>



<li><em>[októbertől szerdánként Bercsényi, bővebb infó később]</em></li>
</ul>



<p class="wp-block-paragraph"><strong>Haladó 2:&nbsp;</strong></p>



<ul class="wp-block-list">
<li>Hétfő, szerda, csütörtök: 18.15-20.00 – <strong>Aqua uszoda </strong></li>



<li><em>[októbertől szerdánként Bercsényi, bővebb infó később]</em></li>
</ul>



<p class="wp-block-paragraph"><strong>Fina csoport:&nbsp;</strong></p>



<ul class="wp-block-list">
<li>Hétfő, kedd, szerda, csütörtök: 18.15-20.00 (20.30)  –<strong>Aqua uszoda </strong></li>
</ul>



<p class="wp-block-paragraph">Plusz edzésként a kijelölt edzésnapokon kívül is lehet edzeni.&nbsp;</p>



<p class="wp-block-paragraph"><strong>Szakosztályi szolgáltatási díj:&nbsp;</strong>15.000 forint</p>

<p>A GYVSE műúszó szakosztályában jelenleg több tucat gyermek sportol, akik életkoruknak és tudásszintjüknek megfelelő csoportokban készülnek. Az egyesület nagy hangsúlyt fektet arra, hogy a versenyzés mellett örömteli közösséget is teremtsen. A közös edzőtáborok, bemutatók, versenyek és csapatprogramok hozzájárulnak ahhoz, hogy a sportolók nemcsak kiváló úszókká, hanem összetartó közösség tagjaivá is váljanak.</p>
