{"id":272,"date":"2026-07-26T14:20:13","date_gmt":"2026-07-26T14:20:13","guid":{"rendered":"https:\/\/pepe264.net3d.hu\/?page_id=272"},"modified":"2026-07-26T14:20:13","modified_gmt":"2026-07-26T14:20:13","slug":"nemzetkozi-tornakon-edzoik-es-erosodik-a-gyori-utanpotlas","status":"publish","type":"page","link":"https:\/\/pepe264.net3d.hu\/?page_id=272","title":{"rendered":"Nemzetk\u00f6zi torn\u00e1kon edz\u0151ik \u00e9s er\u0151s\u00f6dik a gy\u0151ri ut\u00e1np\u00f3tl\u00e1s"},"content":{"rendered":"\n<p class=\"wp-block-paragraph\">A Gy\u0151ri VSE ut\u00e1np\u00f3tl\u00e1s-nevel\u00e9s\u00e9nek egyik legfontosabb pill\u00e9re m\u00e1r a kezdetekt\u0151l az volt, hogy a fiatal j\u00e1t\u00e9kosok min\u00e9l t\u00f6bb nemzetk\u00f6zi m\u00e9rk\u0151z\u00e9sen szerezhessenek tapasztalatot. A hazai bajnoks\u00e1g mellett ezek a torn\u00e1k nemcsak szakmai fejl\u0151d\u00e9st jelentettek, hanem lehet\u0151s\u00e9get arra is, hogy a gy\u0151ri v\u00edzilabd\u00e1z\u00f3k megismerj\u00e9k m\u00e1s orsz\u00e1gok j\u00e1t\u00e9kst\u00edlus\u00e1t, \u00faj bar\u00e1ts\u00e1gokat k\u00f6ssenek, \u00e9s megtapasztalj\u00e1k, milyen hangulata van egy rangos nemzetk\u00f6zi esem\u00e9nynek. Az elm\u00falt \u00e9vekben Dubrovnik \u00e9s M\u00e1lta v\u00e1ltak a klub legfontosabb k\u00fclf\u00f6ldi \u00e1llom\u00e1saiv\u00e1.<\/p>\n\n\n\n<p class=\"wp-block-paragraph\">Az els\u0151 jelent\u0151s nemzetk\u00f6zi megm\u00e9rettet\u00e9sek egyik\u00e9t a horv\u00e1torsz\u00e1gi Dubrovnik jelentette, amely Eur\u00f3pa egyik legismertebb v\u00edzilabd\u00e1s fellegv\u00e1ra. A t\u00f6rt\u00e9nelmi \u00f3v\u00e1ros\u00e1r\u00f3l \u00e9s kiv\u00e1l\u00f3 v\u00edzilabdakult\u00far\u00e1j\u00e1r\u00f3l ismert v\u00e1rosban megrendezett torna \u00e9vr\u0151l \u00e9vre rangos mez\u0151nyt vonz, ahol a r\u00e9sztvev\u0151 egyes\u00fcletek a kontinens leger\u0151sebb ut\u00e1np\u00f3tl\u00e1scsapataival m\u00e9rhetik \u00f6ssze tud\u00e1sukat.<\/p>\n\n\n\n<p class=\"wp-block-paragraph\">A gy\u0151ri fiatalok sz\u00e1m\u00e1ra a dubrovniki szerepl\u00e9s k\u00fcl\u00f6nleges \u00e9lm\u00e9nyt jelentett. M\u00e1r \u00f6nmag\u00e1ban nagy elismer\u00e9s volt, hogy megh\u00edv\u00e1st kaptak egy olyan torn\u00e1ra, ahol horv\u00e1t, montenegr\u00f3i, olasz \u00e9s m\u00e1s eur\u00f3pai klubok legjobb koroszt\u00e1lyos egy\u00fcttesei szerepeltek. A m\u00e9rk\u0151z\u00e9sek rendk\u00edv\u00fcl magas sz\u00ednvonal\u00faak voltak, a j\u00e1t\u00e9k temp\u00f3ja \u00e9s fizik\u00e1lis intenzit\u00e1sa pedig sok esetben meghaladta azt, amivel a hazai bajnoks\u00e1gban tal\u00e1lkozhattak. A torna ugyanakkor kiv\u00e1l\u00f3 lehet\u0151s\u00e9get adott arra, hogy a j\u00e1t\u00e9kosok megtapasztalj\u00e1k a nemzetk\u00f6zi v\u00edzilabda k\u00f6vetelm\u00e9nyeit, mik\u00f6zben a szakmai st\u00e1b is \u00e9rt\u00e9kes visszajelz\u00e9seket kapott arr\u00f3l, mely ter\u00fcleteken sz\u00fcks\u00e9ges tov\u00e1bb fejl\u0151dni.<\/p>\n\n\n\n<p class=\"wp-block-paragraph\">A k\u00f6vetkez\u0151 \u00e9vekben M\u00e1lta v\u00e1lt a GYVSE ut\u00e1np\u00f3tl\u00e1s\u00e1nak egyik kedvelt nemzetk\u00f6zi helysz\u00edn\u00e9v\u00e9. A Sirens ASC \u00e1ltal szervezett Easter International Water Polo Tournament m\u00e1ra Eur\u00f3pa egyik legismertebb h\u00fasv\u00e9ti ut\u00e1np\u00f3tl\u00e1storn\u00e1ja lett, ahol spanyol, n\u00e9met, olasz, magyar \u00e9s term\u00e9szetesen m\u00e1ltai csapatok m\u00e9rik \u00f6ssze erej\u00fcket.<\/p>\n\n\n\n<p class=\"wp-block-paragraph\">A gy\u0151ri egy\u00fcttesek rendszeresen megh\u00edv\u00e1st kaptak erre a rangos esem\u00e9nyre, amely minden \u00e9vben komoly kih\u00edv\u00e1s el\u00e9 \u00e1ll\u00edtotta a fiatalokat. A torn\u00e1k sor\u00e1n nemcsak eredm\u00e9nyes m\u00e9rk\u0151z\u00e9seket j\u00e1tszottak, hanem olyan klubokkal tal\u00e1lkoztak, amelyek saj\u00e1t orsz\u00e1guk \u00e9lvonal\u00e1hoz tartoznak.<\/p>\n\n\n\n<p class=\"wp-block-paragraph\">A 2023-as torna k\u00fcl\u00f6n\u00f6sen eml\u00e9kezetes maradt a klub t\u00f6rt\u00e9net\u00e9ben. A GYVSE U14-es l\u00e1nycsapata nagyszer\u0171 teljes\u00edtm\u00e9nyt ny\u00fajtott, eg\u00e9szen a d\u00f6nt\u0151ig menetelt, ahol v\u00e9g\u00fcl egy rendk\u00edv\u00fcl szoros, fordulatos m\u00e9rk\u0151z\u00e9sen 11\u201310-re maradt alul a spanyol Club Esportiu Mediterrani ellen. Az ez\u00fcst\u00e9rem azonban \u00edgy is \u00f3ri\u00e1si sikernek sz\u00e1m\u00edtott, hiszen a gy\u0151riek egy nemzetk\u00f6zi mez\u0151nyben bizony\u00edtott\u00e1k, hogy a kontinens legjobb ut\u00e1np\u00f3tl\u00e1scsapatai k\u00f6z\u00f6tt is meg\u00e1llj\u00e1k a hely\u00fcket.<\/p>\n\n\n\n<p class=\"wp-block-paragraph\">Egy \u00e9vvel k\u00e9s\u0151bb ism\u00e9t ott volt a klub M\u00e1lt\u00e1n. A fi\u00fa U14-es csapat t\u00f6bb k\u00fcl\u00f6nb\u00f6z\u0151 j\u00e1t\u00e9kst\u00edlus\u00fa ellenf\u00e9llel tal\u00e1lkozott. A spanyol Terrassa ellen ugyan veres\u00e9get szenvedett, de a n\u00e9met Cannstatt ellen magabiztos gy\u0151zelmet aratott. A magyar riv\u00e1lisokkal v\u00edvott tal\u00e1lkoz\u00f3k szint\u00e9n \u00e9rt\u00e9kes tapasztalatokat jelentettek. A torna v\u00e9g\u00e9n a GYVSE a negyedik helyen z\u00e1rt, ami egy rendk\u00edv\u00fcl er\u0151s nemzetk\u00f6zi mez\u0151nyben figyelemre m\u00e9lt\u00f3 eredm\u00e9nynek sz\u00e1m\u00edtott. A dobog\u00f3ra a h\u00e1zigazda Aquatic Sports Association of Malta, a spanyol Terrassa \u00e9s a budapesti YBL Waterpolo Club \u00e1llhatott fel.<\/p>\n\n\n\n<p class=\"wp-block-paragraph\">A nemzetk\u00f6zi szerepl\u00e9sek hagyom\u00e1nya 2026-ban is folytat\u00f3dott. Ez\u00fattal az U18-as fi\u00facsapat vett r\u00e9szt a m\u00e1ltai Easter International Tournamenten. A nyit\u00f3m\u00e9rk\u0151z\u00e9sen a n\u00e9met Potsdam ellen ugyan m\u00e9g \u00e9rz\u0151d\u00f6tt a torna eleji bizonytalans\u00e1g, \u00e1m a folytat\u00e1sban a gy\u0151riek m\u00e1r megmutatt\u00e1k val\u00f3di tud\u00e1sukat. A budapesti YBL ellen 13\u20134-es magabiztos gy\u0151zelmet arattak, bizony\u00edtva, hogy k\u00e9pesek alkalmazkodni a nemzetk\u00f6zi m\u00e9rk\u0151z\u00e9sek temp\u00f3j\u00e1hoz \u00e9s elv\u00e1r\u00e1saihoz.<\/p>\n\n\n\n<p class=\"wp-block-paragraph\">A dubrovniki \u00e9s m\u00e1ltai torn\u00e1k k\u00f6z\u00f6s jellemz\u0151je, hogy messze t\u00falmutatnak a megszerzett helyez\u00e9seken. Ezek az utak a csapat\u00e9p\u00edt\u00e9s, az \u00f6n\u00e1ll\u00f3s\u00e1g, az alkalmazkod\u00f3k\u00e9pess\u00e9g \u00e9s a versenyrutin fejleszt\u00e9s\u00e9nek kiv\u00e1l\u00f3 lehet\u0151s\u00e9gei. A fiatalok napokon kereszt\u00fcl egy\u00fctt \u00e9lnek, egy\u00fctt k\u00e9sz\u00fclnek, \u00faj kult\u00far\u00e1kat ismernek meg, mik\u00f6zben olyan ellenfelek ellen j\u00e1tszanak, akikkel a hazai bajnoks\u00e1gban soha nem tal\u00e1lkozhatn\u00e1nak.<\/p>\n\n\n\n<p class=\"wp-block-paragraph\">A GYVSE ut\u00e1np\u00f3tl\u00e1s\u00e1ban ez\u00e9rt a nemzetk\u00f6zi torn\u00e1k nem egyszer\u0171 kir\u00e1ndul\u00e1sok vagy jutalomutak, hanem tudatosan fel\u00e9p\u00edtett szakmai program r\u00e9szei. Az elm\u00falt \u00e9vek eredm\u00e9nyei \u2013 a m\u00e1ltai ez\u00fcst\u00e9rem, a negyedik helyez\u00e9s, valamint a rendszeres megh\u00edv\u00e1sok rangos k\u00fclf\u00f6ldi torn\u00e1kra \u2013 egy\u00e9rtelm\u0171en bizony\u00edtj\u00e1k, hogy a gy\u0151ri klub ut\u00e1np\u00f3tl\u00e1s-nevel\u00e9se nemcsak hazai, hanem nemzetk\u00f6zi szinten is elismert. Ezek a tapasztalatok hossz\u00fa t\u00e1von is meghat\u00e1roz\u00f3 szerepet j\u00e1tszanak abban, hogy a GYVSE fiataljai felk\u00e9sz\u00fclten l\u00e9phessenek tov\u00e1bb a feln\u0151tt v\u00edzilabd\u00e1ba.<\/p>\n","protected":false},"excerpt":{"rendered":"<p>M\u00e1lt\u00e1n \u00e9s Horv\u00e1torsz\u00e1gban rendszeresen szerepelnek fiataljaink, hogy megm\u00e9rk\u0151zzenek az eur\u00f3pa legjobb ut\u00e1np\u00f3tl\u00e1snevel\u0151 m\u0171helyeivel. <\/p>\n","protected":false},"author":1,"featured_media":273,"parent":0,"menu_order":0,"comment_status":"closed","ping_status":"closed","template":"","meta":{"footnotes":""},"class_list":["post-272","page","type-page","status-publish","has-post-thumbnail","hentry"],"_links":{"self":[{"href":"https:\/\/pepe264.net3d.hu\/index.php?rest_route=\/wp\/v2\/pages\/272","targetHints":{"allow":["GET"]}}],"collection":[{"href":"https:\/\/pepe264.net3d.hu\/index.php?rest_route=\/wp\/v2\/pages"}],"about":[{"href":"https:\/\/pepe264.net3d.hu\/index.php?rest_route=\/wp\/v2\/types\/page"}],"author":[{"embeddable":true,"href":"https:\/\/pepe264.net3d.hu\/index.php?rest_route=\/wp\/v2\/users\/1"}],"replies":[{"embeddable":true,"href":"https:\/\/pepe264.net3d.hu\/index.php?rest_route=%2Fwp%2Fv2%2Fcomments&post=272"}],"version-history":[{"count":1,"href":"https:\/\/pepe264.net3d.hu\/index.php?rest_route=\/wp\/v2\/pages\/272\/revisions"}],"predecessor-version":[{"id":274,"href":"https:\/\/pepe264.net3d.hu\/index.php?rest_route=\/wp\/v2\/pages\/272\/revisions\/274"}],"wp:featuredmedia":[{"embeddable":true,"href":"https:\/\/pepe264.net3d.hu\/index.php?rest_route=\/wp\/v2\/media\/273"}],"wp:attachment":[{"href":"https:\/\/pepe264.net3d.hu\/index.php?rest_route=%2Fwp%2Fv2%2Fmedia&parent=272"}],"curies":[{"name":"wp","href":"https:\/\/api.w.org\/{rel}","templated":true}]}}

Nemzetközi tornákon edzőik és erősödik a győri utánpótlás

<p class="wp-block-paragraph">A Győri VSE utánpótlás-nevelésének egyik legfontosabb pillére már a kezdetektől az volt, hogy a fiatal játékosok minél több nemzetközi mérkőzésen szerezhessenek tapasztalatot. A hazai bajnokság mellett ezek a tornák nemcsak szakmai fejlődést jelentettek, hanem lehetőséget arra is, hogy a győri vízilabdázók megismerjék más országok játékstílusát, új barátságokat kössenek, és megtapasztalják, milyen hangulata van egy rangos nemzetközi eseménynek. Az elmúlt években Dubrovnik és Málta váltak a klub legfontosabb külföldi állomásaivá.</p>



<p class="wp-block-paragraph">Az első jelentős nemzetközi megmérettetések egyikét a horvátországi Dubrovnik jelentette, amely Európa egyik legismertebb vízilabdás fellegvára. A történelmi óvárosáról és kiváló vízilabdakultúrájáról ismert városban megrendezett torna évről évre rangos mezőnyt vonz, ahol a résztvevő egyesületek a kontinens legerősebb utánpótláscsapataival mérhetik össze tudásukat.</p>



<p class="wp-block-paragraph">A győri fiatalok számára a dubrovniki szereplés különleges élményt jelentett. Már önmagában nagy elismerés volt, hogy meghívást kaptak egy olyan tornára, ahol horvát, montenegrói, olasz és más európai klubok legjobb korosztályos együttesei szerepeltek. A mérkőzések rendkívül magas színvonalúak voltak, a játék tempója és fizikális intenzitása pedig sok esetben meghaladta azt, amivel a hazai bajnokságban találkozhattak. A torna ugyanakkor kiváló lehetőséget adott arra, hogy a játékosok megtapasztalják a nemzetközi vízilabda követelményeit, miközben a szakmai stáb is értékes visszajelzéseket kapott arról, mely területeken szükséges tovább fejlődni.</p>



<p class="wp-block-paragraph">A következő években Málta vált a GYVSE utánpótlásának egyik kedvelt nemzetközi helyszínévé. A Sirens ASC által szervezett Easter International Water Polo Tournament mára Európa egyik legismertebb húsvéti utánpótlástornája lett, ahol spanyol, német, olasz, magyar és természetesen máltai csapatok mérik össze erejüket.</p>



<p class="wp-block-paragraph">A győri együttesek rendszeresen meghívást kaptak erre a rangos eseményre, amely minden évben komoly kihívás elé állította a fiatalokat. A tornák során nemcsak eredményes mérkőzéseket játszottak, hanem olyan klubokkal találkoztak, amelyek saját országuk élvonalához tartoznak.</p>



<p class="wp-block-paragraph">A 2023-as torna különösen emlékezetes maradt a klub történetében. A GYVSE U14-es lánycsapata nagyszerű teljesítményt nyújtott, egészen a döntőig menetelt, ahol végül egy rendkívül szoros, fordulatos mérkőzésen 11–10-re maradt alul a spanyol Club Esportiu Mediterrani ellen. Az ezüstérem azonban így is óriási sikernek számított, hiszen a győriek egy nemzetközi mezőnyben bizonyították, hogy a kontinens legjobb utánpótláscsapatai között is megállják a helyüket.</p>



<p class="wp-block-paragraph">Egy évvel később ismét ott volt a klub Máltán. A fiú U14-es csapat több különböző játékstílusú ellenféllel találkozott. A spanyol Terrassa ellen ugyan vereséget szenvedett, de a német Cannstatt ellen magabiztos győzelmet aratott. A magyar riválisokkal vívott találkozók szintén értékes tapasztalatokat jelentettek. A torna végén a GYVSE a negyedik helyen zárt, ami egy rendkívül erős nemzetközi mezőnyben figyelemre méltó eredménynek számított. A dobogóra a házigazda Aquatic Sports Association of Malta, a spanyol Terrassa és a budapesti YBL Waterpolo Club állhatott fel.</p>



<p class="wp-block-paragraph">A nemzetközi szereplések hagyománya 2026-ban is folytatódott. Ezúttal az U18-as fiúcsapat vett részt a máltai Easter International Tournamenten. A nyitómérkőzésen a német Potsdam ellen ugyan még érződött a torna eleji bizonytalanság, ám a folytatásban a győriek már megmutatták valódi tudásukat. A budapesti YBL ellen 13–4-es magabiztos győzelmet arattak, bizonyítva, hogy képesek alkalmazkodni a nemzetközi mérkőzések tempójához és elvárásaihoz.</p>



<p class="wp-block-paragraph">A dubrovniki és máltai tornák közös jellemzője, hogy messze túlmutatnak a megszerzett helyezéseken. Ezek az utak a csapatépítés, az önállóság, az alkalmazkodóképesség és a versenyrutin fejlesztésének kiváló lehetőségei. A fiatalok napokon keresztül együtt élnek, együtt készülnek, új kultúrákat ismernek meg, miközben olyan ellenfelek ellen játszanak, akikkel a hazai bajnokságban soha nem találkozhatnának.</p>



<p class="wp-block-paragraph">A GYVSE utánpótlásában ezért a nemzetközi tornák nem egyszerű kirándulások vagy jutalomutak, hanem tudatosan felépített szakmai program részei. Az elmúlt évek eredményei – a máltai ezüstérem, a negyedik helyezés, valamint a rendszeres meghívások rangos külföldi tornákra – egyértelműen bizonyítják, hogy a győri klub utánpótlás-nevelése nemcsak hazai, hanem nemzetközi szinten is elismert. Ezek a tapasztalatok hosszú távon is meghatározó szerepet játszanak abban, hogy a GYVSE fiataljai felkészülten léphessenek tovább a felnőtt vízilabdába.</p>

<p>Máltán és Horvátországban rendszeresen szerepelnek fiataljaink, hogy megmérkőzzenek az európa legjobb utánpótlásnevelő műhelyeivel. </p>
