{"id":24,"date":"2026-07-11T08:21:00","date_gmt":"2026-07-11T08:21:00","guid":{"rendered":"https:\/\/pepe264.net3d.hu\/?page_id=24"},"modified":"2026-07-26T18:10:13","modified_gmt":"2026-07-26T18:10:13","slug":"tisztelt-leendo-tamogatonk-szponzorunk","status":"publish","type":"page","link":"https:\/\/pepe264.net3d.hu\/?page_id=24","title":{"rendered":"TISZTELT LEEND\u0150 T\u00c1MOGAT\u00d3NK, SZPONZORUNK!"},"content":{"rendered":"\n<h3 class=\"wp-block-heading\"><strong>Mi\u00e9rt is van sz\u00fcks\u00e9g a t\u00e1mogat\u00e1sokra?<\/strong><\/h3>\n\n\n\n<p class=\"wp-block-paragraph\">A Gy\u0151ri V\u00edzisport Egyes\u00fclet v\u00edzilabda szakoszt\u00e1lya csak r\u00e9szben tudja fedezni a m\u0171k\u00f6d\u00e9si k\u00f6lts\u00e9geit a sportol\u00f3k \u00e1ltal befizetett tagd\u00edjakb\u00f3l. A viszonylag konszolid\u00e1ltnak mondhat\u00f3 tagd\u00edjak emel\u00e9se nem lehet c\u00e9l, hiszen csak kis m\u00e9rt\u00e9kben jelentene megold\u00e1st \u00e9s egyes esetekben, nehezen v\u00e1llalhat\u00f3 terhet jelentene sportol\u00f3ink csal\u00e1dj\u00e1nak.<\/p>\n\n\n\n<p class=\"wp-block-paragraph\">A m\u00e1sik bev\u00e9teli forr\u00e1s a t\u00e1mogat\u00e1sok r\u00e9v\u00e9n ny\u00edlik meg.<\/p>\n\n\n\n<p class=\"wp-block-paragraph\">Az \u00f6nkorm\u00e1nyzatok \u00e9s az Orsz\u00e1gos szaksz\u00f6vets\u00e9g a lehet\u0151s\u00e9geikhez k\u00e9pest t\u00e1mogatj\u00e1k a sport\u00e1g gy\u0151ri fejl\u0151d\u00e9s\u00e9t. A k\u00f6zponti p\u00e9nzek lehet\u0151s\u00e9gei v\u00e9gesek, sok m\u00e1s feladatra kell p\u00e9nzeszk\u00f6z\u00f6ket ford\u00edtani. A c\u00e9gek, v\u00e1llalkoz\u00e1sok t\u00e1rsadalmi szerepv\u00e1llal\u00e1sa keret\u00e9ben lehet\u0151s\u00e9g van a sportok t\u00e1mogat\u00e1s\u00e1ra. Az egyes\u00fclet alapfeladata az ut\u00e1np\u00f3tl\u00e1s nevel\u00e9se. Ennek keret\u00e9ben mindenk\u00e9ppen fontos szempont a lelkileg, testileg eg\u00e9szs\u00e9ges, k\u00fczdeni tud\u00f3 \u00e9s akar\u00f3 ifj\u00fas\u00e1g seg\u00edt\u00e9se, fejl\u0151d\u00e9s\u00e9nek koordin\u00e1l\u00e1sa. Nevel\u00e9si munk\u00e1nkat szoros egy\u00fcttm\u0171k\u00f6d\u00e9sben v\u00e9gezz\u00fck a csal\u00e1ddal \u00e9s az oktat\u00e1si int\u00e9zm\u00e9nyekkel. Hit\u00fcnk szerint ez a h\u00e1rmas k\u00e9pes a megfelel\u0151 utat mutatni a gyermekeknek. A szem\u00e9lyis\u00e9g\u00fck fejl\u0151d\u00e9s\u00e9re szint\u00e9n nagy hat\u00e1ssal van az a k\u00f6z\u00f6ss\u00e9gi szellem, amely a sportol\u00e1s k\u00f6zben, k\u00fcl\u00f6n\u00f6sen a csapatsport\u00e1gak eset\u00e9ben kialakul.<\/p>\n\n\n\n<h3 class=\"wp-block-heading\"><strong>Mi\u00e9rt a v\u00edzilabda?<\/strong><\/h3>\n\n\n\n<p class=\"wp-block-paragraph\">A v\u00edzilabda haz\u00e1nk legeredm\u00e9nyesebb csapatsport\u00e1ga az Olimpi\u00e1k t\u00fckr\u00e9ben.&nbsp; Kilenc olimpiai arany\u00e9rem mell\u00e9 jutott m\u00e9g &nbsp;3 ez\u00fcst \u00e9s 5 bronz\u00e9rem is Magyarorsz\u00e1gnak.&nbsp; A 16 Vil\u00e1gbajnoki \u00e9rem mellett 39 Eur\u00f3pa-Bajnoki \u00e9rem is jelzi, \u201enagyhatalom\u201d vagyunk a sport\u00e1gban.<\/p>\n\n\n\n<p class=\"wp-block-paragraph\">A fi\u00fak mellett a l\u00e1nyok is \u0171zhetik a sport\u00e1gat, nincs alkati torzul\u00e1s, ar\u00e1nytalan izomzat eltol\u00f3d\u00e1s vagy kifejl\u0151d\u00e9s.<\/p>\n\n\n\n<p class=\"wp-block-paragraph\">A v\u00edzilabda viszonylag alacsony kock\u00e1zat\u00fa a s\u00e9r\u00fcl\u00e9svesz\u00e9ly ter\u00e9n. A testi kontaktusok a v\u00edz alatti mozg\u00e1sok, mind, mind egy s\u0171r\u0171bb k\u00f6zegben j\u00f6nnek l\u00e9tre \u00edgy azok hat\u00e1sa tomp\u00e1bb, jobban v\u00e9dhet\u0151.<\/p>\n\n\n\n<p class=\"wp-block-paragraph\">A v\u00edzilabd\u00e1ban nincsenek holt id\u0151k, hiszen ha valaki \u00e1lldog\u00e1lni akarna, annak l\u00e1that\u00f3 jele lenne! Ezt m\u00e1r egy r\u00e9gi komikusunk, Hofi G\u00e9za is felismerte. \u00d3ri\u00e1si \u00e1ll\u00f3k\u00e9pess\u00e9get, koncentr\u00e1ci\u00f3t k\u00f6vetel a j\u00e1t\u00e9k. Kiemelked\u0151 klasszisok eg\u00e9sz sora nevel\u0151dik a hazai m\u0171helyekben. A v\u00edzilabd\u00e1sokra jellemz\u0151, hogy nem csak a sport ter\u00e9n, de a tanulm\u00e1nyok ter\u00e9n is megk\u00f6vetelik a magas szint\u0171 teljes\u00edtm\u00e9nyt.<\/p>\n\n\n\n<h3 class=\"wp-block-heading\"><strong>Mi\u00e9rt a Gy\u0151ri v\u00edzilabda?<\/strong><\/h3>\n\n\n\n<p class=\"wp-block-paragraph\">Gy\u0151rben 2002 \u00f3ta foglalkozunk v\u00edzilabd\u00e1val. Az id\u0151k sor\u00e1n v\u00e1ltakoz\u00f3 intenzit\u00e1ssal \u00e9s eredm\u00e9nnyel v\u00e9gezt\u00fck munk\u00e1nkat. Eleinte a sz\u0171k\u00f6s infrastrukt\u00fara szabott korl\u00e1tot a sport\u00e1g fejl\u0151d\u00e9s\u00e9nek. Napjainkra ez rendez\u0151dni l\u00e1tszik. A kezdetekt\u0151l sok olyan j\u00e1t\u00e9kost ind\u00edtottunk \u00fatj\u00e1ra, akik a v\u00e1logatott er\u0151ss\u00e9gei lettek. \u00c9rdekes m\u00f3don a n\u0151i szak\u00e1gban tudtunk figyelemre m\u00e9lt\u00f3 eredm\u00e9nyeket el\u00e9rni. Az elm\u00falt 8 \u2013 9 \u00e9vben azt\u00e1n az ut\u00e1np\u00f3tl\u00e1s b\u00e1zis sz\u00e9les\u00edt\u00e9s\u00e9t t\u0171zt\u00fck ki c\u00e9lul.<\/p>\n\n\n\n<p class=\"wp-block-paragraph\">Napjainkban d\u00f6nt\u0151en ut\u00e1np\u00f3tl\u00e1s csapatokkal versenyz\u00fcnk a k\u00fcl\u00f6nb\u00f6z\u0151 szint\u0171 bajnoks\u00e1gokban. A legid\u0151sebb j\u00e1t\u00e9kosaink az ifj\u00fas\u00e1gi koroszt\u00e1lyban versenyeznek. Egyes\u00fclet\u00fcnk napjainkban m\u00e1r mindk\u00e9t nem \u2013 fi\u00fak \u00e9s l\u00e1nyok \u2013 ut\u00e1np\u00f3tl\u00e1s koroszt\u00e1lyaiban az orsz\u00e1gos bajnoks\u00e1gokban k\u00fczdenek a helyez\u00e9sek\u00e9rt. A feln\u0151tt koroszt\u00e1lyokban a fi\u00fakn\u00e1l az OB II-ben, m\u00edg a l\u00e1nyokn\u00e1l az OB I\/B-b\u0151l t\u00f6rt\u00e9n\u0151 feljut\u00e1st k\u00f6vet\u0151en imm\u00e1r a m\u00e1sodik \u00e9vben versenyz\u00fcnk az OB I bajnoks\u00e1gban. A feln\u0151tt csapatokban lehet\u0151s\u00e9get biztos\u00edtunk az ut\u00e1np\u00f3tl\u00e1s kor\u00fa j\u00e1t\u00e9kosainknak is.&nbsp;<\/p>\n\n\n\n<p class=\"wp-block-paragraph\">Az elm\u00falt \u00e9vekben nagy sikerrel megrendezett Vil\u00e1gliga m\u00e9rk\u0151z\u00e9sek bebizony\u00edtott\u00e1k, t\u00e9rs\u00e9g\u00fcnkben, v\u00e1rosunkban szeretik a v\u00edzilabd\u00e1t. A jelentkez\u0151 gyermekek sz\u00e1ma pedig azt bizony\u00edtja; ig\u00e9ny is van a sport\u00e1gra. Az \u00faj \u201evizes\u201d l\u00e9tes\u00edtm\u00e9nyek programjainak sz\u00ednes\u00edt\u00e9se, ez\u00e1ltal v\u00e1rosunk n\u00e9pszer\u0171s\u00edt\u00e9snek kiv\u00e1l\u00f3 eszk\u00f6z lehet a sport\u00e1g n\u00e9pszer\u0171s\u00e9g\u00e9nek helyi szinten t\u00f6rt\u00e9n\u0151 tov\u00e1bbi n\u00f6veked\u00e9s\u00e9re.<\/p>\n\n\n\n<h3 class=\"wp-block-heading\"><strong>K\u00e9rem, lehet\u0151s\u00e9geihez k\u00e9pest seg\u00edtse a V\u00edzilabda szakoszt\u00e1ly munk\u00e1j\u00e1t! &nbsp;<\/strong><\/h3>\n\n\n\n<h3 class=\"wp-block-heading\"><strong>HAJR\u00c1 GY\u0150R!<\/strong><\/h3>\n\n\n\n<p class=\"wp-block-paragraph\"><strong>El\u00e9rhet\u0151s\u00e9g:&nbsp;<a href=\"mailto:gyorivizsport@gmail.com\">waterpologyor@gmail.com<\/a>, tel: (+36) harminc 656 0696<\/strong><\/p>\n","protected":false},"excerpt":{"rendered":"<p>Mi\u00e9rt is van sz\u00fcks\u00e9g a t\u00e1mogat\u00e1sokra? A Gy\u0151ri V\u00edzisport Egyes\u00fclet v\u00edzilabda szakoszt\u00e1lya csak r\u00e9szben tudja fedezni a m\u0171k\u00f6d\u00e9si k\u00f6lts\u00e9geit a sportol\u00f3k \u00e1ltal befizetett tagd\u00edjakb\u00f3l. A viszonylag konszolid\u00e1ltnak mondhat\u00f3 tagd\u00edjak emel\u00e9se nem lehet c\u00e9l, hiszen csak kis m\u00e9rt\u00e9kben jelentene megold\u00e1st \u00e9s egyes esetekben, nehezen v\u00e1llalhat\u00f3 terhet jelentene sportol\u00f3ink csal\u00e1dj\u00e1nak. A m\u00e1sik&hellip; <\/p>\n","protected":false},"author":1,"featured_media":0,"parent":0,"menu_order":0,"comment_status":"closed","ping_status":"closed","template":"","meta":{"footnotes":""},"class_list":["post-24","page","type-page","status-publish","hentry"],"_links":{"self":[{"href":"https:\/\/pepe264.net3d.hu\/index.php?rest_route=\/wp\/v2\/pages\/24","targetHints":{"allow":["GET"]}}],"collection":[{"href":"https:\/\/pepe264.net3d.hu\/index.php?rest_route=\/wp\/v2\/pages"}],"about":[{"href":"https:\/\/pepe264.net3d.hu\/index.php?rest_route=\/wp\/v2\/types\/page"}],"author":[{"embeddable":true,"href":"https:\/\/pepe264.net3d.hu\/index.php?rest_route=\/wp\/v2\/users\/1"}],"replies":[{"embeddable":true,"href":"https:\/\/pepe264.net3d.hu\/index.php?rest_route=%2Fwp%2Fv2%2Fcomments&post=24"}],"version-history":[{"count":2,"href":"https:\/\/pepe264.net3d.hu\/index.php?rest_route=\/wp\/v2\/pages\/24\/revisions"}],"predecessor-version":[{"id":297,"href":"https:\/\/pepe264.net3d.hu\/index.php?rest_route=\/wp\/v2\/pages\/24\/revisions\/297"}],"wp:attachment":[{"href":"https:\/\/pepe264.net3d.hu\/index.php?rest_route=%2Fwp%2Fv2%2Fmedia&parent=24"}],"curies":[{"name":"wp","href":"https:\/\/api.w.org\/{rel}","templated":true}]}}

TISZTELT LEENDŐ TÁMOGATÓNK, SZPONZORUNK!

<h3 class="wp-block-heading"><strong>Miért is van szükség a támogatásokra?</strong></h3>



<p class="wp-block-paragraph">A Győri Vízisport Egyesület vízilabda szakosztálya csak részben tudja fedezni a működési költségeit a sportolók által befizetett tagdíjakból. A viszonylag konszolidáltnak mondható tagdíjak emelése nem lehet cél, hiszen csak kis mértékben jelentene megoldást és egyes esetekben, nehezen vállalható terhet jelentene sportolóink családjának.</p>



<p class="wp-block-paragraph">A másik bevételi forrás a támogatások révén nyílik meg.</p>



<p class="wp-block-paragraph">Az önkormányzatok és az Országos szakszövetség a lehetőségeikhez képest támogatják a sportág győri fejlődését. A központi pénzek lehetőségei végesek, sok más feladatra kell pénzeszközöket fordítani. A cégek, vállalkozások társadalmi szerepvállalása keretében lehetőség van a sportok támogatására. Az egyesület alapfeladata az utánpótlás nevelése. Ennek keretében mindenképpen fontos szempont a lelkileg, testileg egészséges, küzdeni tudó és akaró ifjúság segítése, fejlődésének koordinálása. Nevelési munkánkat szoros együttműködésben végezzük a családdal és az oktatási intézményekkel. Hitünk szerint ez a hármas képes a megfelelő utat mutatni a gyermekeknek. A személyiségük fejlődésére szintén nagy hatással van az a közösségi szellem, amely a sportolás közben, különösen a csapatsportágak esetében kialakul.</p>



<h3 class="wp-block-heading"><strong>Miért a vízilabda?</strong></h3>



<p class="wp-block-paragraph">A vízilabda hazánk legeredményesebb csapatsportága az Olimpiák tükrében.&nbsp; Kilenc olimpiai aranyérem mellé jutott még &nbsp;3 ezüst és 5 bronzérem is Magyarországnak.&nbsp; A 16 Világbajnoki érem mellett 39 Európa-Bajnoki érem is jelzi, „nagyhatalom” vagyunk a sportágban.</p>



<p class="wp-block-paragraph">A fiúk mellett a lányok is űzhetik a sportágat, nincs alkati torzulás, aránytalan izomzat eltolódás vagy kifejlődés.</p>



<p class="wp-block-paragraph">A vízilabda viszonylag alacsony kockázatú a sérülésveszély terén. A testi kontaktusok a víz alatti mozgások, mind, mind egy sűrűbb közegben jönnek létre így azok hatása tompább, jobban védhető.</p>



<p class="wp-block-paragraph">A vízilabdában nincsenek holt idők, hiszen ha valaki álldogálni akarna, annak látható jele lenne! Ezt már egy régi komikusunk, Hofi Géza is felismerte. Óriási állóképességet, koncentrációt követel a játék. Kiemelkedő klasszisok egész sora nevelődik a hazai műhelyekben. A vízilabdásokra jellemző, hogy nem csak a sport terén, de a tanulmányok terén is megkövetelik a magas szintű teljesítményt.</p>



<h3 class="wp-block-heading"><strong>Miért a Győri vízilabda?</strong></h3>



<p class="wp-block-paragraph">Győrben 2002 óta foglalkozunk vízilabdával. Az idők során váltakozó intenzitással és eredménnyel végeztük munkánkat. Eleinte a szűkös infrastruktúra szabott korlátot a sportág fejlődésének. Napjainkra ez rendeződni látszik. A kezdetektől sok olyan játékost indítottunk útjára, akik a válogatott erősségei lettek. Érdekes módon a női szakágban tudtunk figyelemre méltó eredményeket elérni. Az elmúlt 8 – 9 évben aztán az utánpótlás bázis szélesítését tűztük ki célul.</p>



<p class="wp-block-paragraph">Napjainkban döntően utánpótlás csapatokkal versenyzünk a különböző szintű bajnokságokban. A legidősebb játékosaink az ifjúsági korosztályban versenyeznek. Egyesületünk napjainkban már mindkét nem – fiúk és lányok – utánpótlás korosztályaiban az országos bajnokságokban küzdenek a helyezésekért. A felnőtt korosztályokban a fiúknál az OB II-ben, míg a lányoknál az OB I/B-ből történő feljutást követően immár a második évben versenyzünk az OB I bajnokságban. A felnőtt csapatokban lehetőséget biztosítunk az utánpótlás korú játékosainknak is.&nbsp;</p>



<p class="wp-block-paragraph">Az elmúlt években nagy sikerrel megrendezett Világliga mérkőzések bebizonyították, térségünkben, városunkban szeretik a vízilabdát. A jelentkező gyermekek száma pedig azt bizonyítja; igény is van a sportágra. Az új „vizes” létesítmények programjainak színesítése, ezáltal városunk népszerűsítésnek kiváló eszköz lehet a sportág népszerűségének helyi szinten történő további növekedésére.</p>



<h3 class="wp-block-heading"><strong>Kérem, lehetőségeihez képest segítse a Vízilabda szakosztály munkáját! &nbsp;</strong></h3>



<h3 class="wp-block-heading"><strong>HAJRÁ GYŐR!</strong></h3>



<p class="wp-block-paragraph"><strong>Elérhetőség:&nbsp;<a href="mailto:gyorivizsport@gmail.com">waterpologyor@gmail.com</a>, tel: (+36) harminc 656 0696</strong></p>

<p>Miért is van szükség a támogatásokra? A Győri Vízisport Egyesület vízilabda szakosztálya csak részben tudja fedezni a működési költségeit a sportolók által befizetett tagdíjakból. A viszonylag konszolidáltnak mondható tagdíjak emelése nem lehet cél, hiszen csak kis mértékben jelentene megoldást és egyes esetekben, nehezen vállalható terhet jelentene sportolóink családjának. A másik&hellip; </p>
