{"id":20,"date":"2026-07-11T08:08:25","date_gmt":"2026-07-11T08:08:25","guid":{"rendered":"https:\/\/pepe264.net3d.hu\/?page_id=20"},"modified":"2026-07-26T20:11:25","modified_gmt":"2026-07-26T20:11:25","slug":"szucsne-tomaskovics-eszter","status":"publish","type":"page","link":"https:\/\/pepe264.net3d.hu\/?page_id=20","title":{"rendered":"SZ\u0170CSN\u00c9 TOMASKOVICS ESZTER"},"content":{"rendered":"\n<p class=\"wp-block-paragraph\">Tomaskovics Eszter Anita a magyar n\u0151i v\u00edzilabda egyik meghat\u00e1roz\u00f3 j\u00e1t\u00e9kosa volt a 2000-es \u00e9vekben. Vil\u00e1gbajnok, t\u00f6bbsz\u00f6r\u00f6s magyar \u00e9s g\u00f6r\u00f6g bajnok, a magyar v\u00e1logatott egykori centere, aki p\u00e1lyafut\u00e1sa befejez\u00e9se ut\u00e1n sportvezet\u0151k\u00e9nt is akt\u00edv szerepet v\u00e1llalt. Napjainkban a egyes\u00fclet\u00fcnkn\u00e9l az adminisztr\u00e1ci\u00f3 egyik kulcsszerepl\u0151je, aki f\u00e1radhatatlanul azon dolgozik, hogy az edz\u0151k \u00e9s sportol\u00f3k sz\u00e1m\u00e1ra min\u00e9l jobb k\u00f6r\u00fclm\u00e9nyeket biztos\u00edtson.<\/p>\n\n\n\n<h2 class=\"wp-block-heading\">P\u00e1lyafut\u00e1sa sportol\u00f3k\u00e9nt<\/h2>\n\n\n\n<ul class=\"wp-block-list\">\n<li>Gy\u0151rben sz\u00fcletett, \u00edgy a  v\u00edzilabd\u00e1t itt a Gy\u0151ri VSE-ben kezdte, ahol m\u00e1r fiatalon kit\u0171nt fizikai erej\u00e9vel \u00e9s g\u00f3ler\u0151s centerj\u00e1t\u00e9k\u00e1val.<\/li>\n\n\n\n<li>A gy\u0151ri lehet\u0151s\u00e9geket kin\u0151ve Budapestre igazolt, ahol el\u0151bb a Vasas, majd a Honv\u00e9d j\u00e1t\u00e9kosa lett.<\/li>\n\n\n\n<li>K\u00e9s\u0151bb G\u00f6r\u00f6gorsz\u00e1gban, az <strong>Olympiakosz Pireusz<\/strong> csapat\u00e1ban is sikeresen szerepelt. Az Olympiakoszn\u00e1l elt\u00f6lt\u00f6tt id\u0151szakot k\u00e9s\u0151bb p\u00e1lyafut\u00e1sa egyik legjobb d\u00f6nt\u00e9sek\u00e9nt emlegette.<\/li>\n<\/ul>\n\n\n\n<h2 class=\"wp-block-heading\">A magyar v\u00e1logatottban<\/h2>\n\n\n\n<p class=\"wp-block-paragraph\">Tomaskovics Eszter m\u00e1r tin\u00e9dzserk\u00e9nt beker\u00fclt a magyar v\u00e1logatottba, \u00e9s r\u00f6vid id\u0151 alatt a csapat egyik meghat\u00e1roz\u00f3 centere lett.<\/p>\n\n\n\n<p class=\"wp-block-paragraph\">Legfontosabb eredm\u00e9nyei:<\/p>\n\n\n\n<ul class=\"wp-block-list\">\n<li>Vil\u00e1gbajnok (Montr\u00e9al, 2005)<\/li>\n\n\n\n<li>T\u00f6bbsz\u00f6r\u00f6s vil\u00e1g- \u00e9s Eur\u00f3pa-bajnoki r\u00e9sztvev\u0151<\/li>\n\n\n\n<li>A 2007-es \u00e9s 2009-es vil\u00e1gbajnoks\u00e1g magyar v\u00e1logatott keret\u00e9nek tagja.<\/li>\n<\/ul>\n\n\n\n<p class=\"wp-block-paragraph\">A montreali vil\u00e1gbajnoki d\u00f6nt\u0151 m\u00e1ig p\u00e1lyafut\u00e1sa legnagyobb sikere. A hosszabb\u00edt\u00e1sban az Egyes\u00fclt \u00c1llamok ellen megnyert fin\u00e1l\u00e9 legeredm\u00e9nyesebb magyar j\u00e1t\u00e9kosa volt h\u00e1rom g\u00f3llal, jelent\u0151s szerepet j\u00e1tszva a vil\u00e1gbajnoki c\u00edm megszerz\u00e9s\u00e9ben.<\/p>\n\n\n\n<h2 class=\"wp-block-heading\">A p\u00e1lyafut\u00e1s lez\u00e1r\u00e1sa<\/h2>\n\n\n\n<p class=\"wp-block-paragraph\">A 2008-as pekingi olimpi\u00e1ra v\u00e9g\u00fcl nem ker\u00fclt be a magyar v\u00e1logatott keret\u00e9be, amit p\u00e1lyafut\u00e1sa egyik legnehezebb csal\u00f3d\u00e1s\u00e1nak nevezett. Nem sokkal k\u00e9s\u0151bb k\u00fclf\u00f6ldre szerz\u0151d\u00f6tt, majd a csal\u00e1dalap\u00edt\u00e1s mellett d\u00f6nt\u00f6tt, \u00e9s visszavonult az \u00e9lversenyz\u00e9st\u0151l.<\/p>\n\n\n\n<h2 class=\"wp-block-heading\">Visszat\u00e9r\u00e9s sportvezet\u0151k\u00e9nt<\/h2>\n\n\n\n<p class=\"wp-block-paragraph\">A versenyz\u0151i p\u00e1lyafut\u00e1s ut\u00e1n ism\u00e9t Gy\u0151rh\u00f6z k\u00f6t\u00f6tte a karrierj\u00e9t.<\/p>\n\n\n\n<h2 class=\"wp-block-heading\">Vezet\u0151i szeml\u00e9lete<\/h2>\n\n\n\n<p class=\"wp-block-paragraph\">B\u00e1r ritk\u00e1n szerepel a nyilv\u00e1noss\u00e1g el\u0151tt, munkat\u00e1rsai szerint vezet\u0151k\u00e9nt k\u00fcl\u00f6n\u00f6sen fontos sz\u00e1m\u00e1ra:<\/p>\n\n\n\n<ul class=\"wp-block-list\">\n<li>a csapatmunka;<\/li>\n\n\n\n<li>a sportol\u00f3k \u00e9rdekeinek k\u00e9pviselete;<\/li>\n\n\n\n<li>a j\u00f3l szervezett h\u00e1tt\u00e9rmunka;<\/li>\n\n\n\n<li>az egyes\u00fclet hossz\u00fa t\u00e1v\u00fa fejl\u0151d\u00e9se.<\/li>\n<\/ul>\n\n\n\n<p class=\"wp-block-paragraph\">Kor\u00e1bbi j\u00e1t\u00e9kosk\u00e9nt pontosan ismeri az \u00e9lsportol\u00f3k mindennapi kih\u00edv\u00e1sait, amit vezet\u0151i munk\u00e1j\u00e1ban is hasznos\u00edtani tud.<\/p>\n\n\n\n<h2 class=\"wp-block-heading\">\u00c9rdekess\u00e9g<\/h2>\n\n\n\n<p class=\"wp-block-paragraph\">Kevesen tudj\u00e1k, hogy:<\/p>\n\n\n\n<ul class=\"wp-block-list\">\n<li>Gy\u0151rb\u0151l indulva jutott el a vil\u00e1gbajnoki c\u00edmig;<\/li>\n\n\n\n<li>mind\u00f6ssze <strong>17 \u00e9ves volt<\/strong>, amikor tagja lett a 2005-\u00f6s vil\u00e1gbajnok magyar v\u00e1logatottnak;<\/li>\n\n\n\n<li>a montreali d\u00f6nt\u0151 egyik h\u0151sek\u00e9nt h\u00e1rom g\u00f3lt szerzett a fin\u00e1l\u00e9ban;<\/li>\n\n\n\n<li>akt\u00edv p\u00e1lyafut\u00e1sa ut\u00e1n hosszabb id\u0151re elt\u00e1volodott a v\u00edzilabd\u00e1t\u00f3l, majd sportvezet\u0151k\u00e9nt t\u00e9rt vissza a gy\u0151ri klubhoz.<\/li>\n<\/ul>\n\n\n\n<h2 class=\"wp-block-heading\">Mi\u00e9rt tartj\u00e1k nagyra?<\/h2>\n\n\n\n<p class=\"wp-block-paragraph\">A magyar v\u00edzilabd\u00e1ban els\u0151sorban az\u00e9rt becs\u00fclik, mert:<\/p>\n\n\n\n<ul class=\"wp-block-list\">\n<li>vil\u00e1gbajnok j\u00e1t\u00e9kosk\u00e9nt hiteles p\u00e9ldak\u00e9pe a fiatal sportol\u00f3knak;<\/li>\n\n\n\n<li>Gy\u0151rb\u0151l indulva jutott el a nemzetk\u00f6zi \u00e9lmez\u0151nyig;<\/li>\n\n\n\n<li>klubvezet\u0151k\u00e9nt is a gy\u0151ri v\u00edzisport fejl\u0151d\u00e9s\u00e9t szolg\u00e1lja;<\/li>\n\n\n\n<li>j\u00e1t\u00e9kosk\u00e9nt \u00e9s vezet\u0151k\u00e9nt egyar\u00e1nt a k\u00f6z\u00f6ss\u00e9g\u00e9p\u00edt\u00e9s \u00e9s a szakmai munka h\u00edve.<\/li>\n<\/ul>\n","protected":false},"excerpt":{"rendered":"<p>sportvezet\u0151-szervez\u0151<\/p>\n","protected":false},"author":1,"featured_media":293,"parent":0,"menu_order":0,"comment_status":"closed","ping_status":"closed","template":"","meta":{"footnotes":""},"class_list":["post-20","page","type-page","status-publish","has-post-thumbnail","hentry"],"_links":{"self":[{"href":"https:\/\/pepe264.net3d.hu\/index.php?rest_route=\/wp\/v2\/pages\/20","targetHints":{"allow":["GET"]}}],"collection":[{"href":"https:\/\/pepe264.net3d.hu\/index.php?rest_route=\/wp\/v2\/pages"}],"about":[{"href":"https:\/\/pepe264.net3d.hu\/index.php?rest_route=\/wp\/v2\/types\/page"}],"author":[{"embeddable":true,"href":"https:\/\/pepe264.net3d.hu\/index.php?rest_route=\/wp\/v2\/users\/1"}],"replies":[{"embeddable":true,"href":"https:\/\/pepe264.net3d.hu\/index.php?rest_route=%2Fwp%2Fv2%2Fcomments&post=20"}],"version-history":[{"count":2,"href":"https:\/\/pepe264.net3d.hu\/index.php?rest_route=\/wp\/v2\/pages\/20\/revisions"}],"predecessor-version":[{"id":304,"href":"https:\/\/pepe264.net3d.hu\/index.php?rest_route=\/wp\/v2\/pages\/20\/revisions\/304"}],"wp:featuredmedia":[{"embeddable":true,"href":"https:\/\/pepe264.net3d.hu\/index.php?rest_route=\/wp\/v2\/media\/293"}],"wp:attachment":[{"href":"https:\/\/pepe264.net3d.hu\/index.php?rest_route=%2Fwp%2Fv2%2Fmedia&parent=20"}],"curies":[{"name":"wp","href":"https:\/\/api.w.org\/{rel}","templated":true}]}}

SZŰCSNÉ TOMASKOVICS ESZTER

<p class="wp-block-paragraph">Tomaskovics Eszter Anita a magyar női vízilabda egyik meghatározó játékosa volt a 2000-es években. Világbajnok, többszörös magyar és görög bajnok, a magyar válogatott egykori centere, aki pályafutása befejezése után sportvezetőként is aktív szerepet vállalt. Napjainkban a egyesületünknél az adminisztráció egyik kulcsszereplője, aki fáradhatatlanul azon dolgozik, hogy az edzők és sportolók számára minél jobb körülményeket biztosítson.</p>



<h2 class="wp-block-heading">Pályafutása sportolóként</h2>



<ul class="wp-block-list">
<li>Győrben született, így a  vízilabdát itt a Győri VSE-ben kezdte, ahol már fiatalon kitűnt fizikai erejével és gólerős centerjátékával.</li>



<li>A győri lehetőségeket kinőve Budapestre igazolt, ahol előbb a Vasas, majd a Honvéd játékosa lett.</li>



<li>Később Görögországban, az <strong>Olympiakosz Pireusz</strong> csapatában is sikeresen szerepelt. Az Olympiakosznál eltöltött időszakot később pályafutása egyik legjobb döntéseként emlegette.</li>
</ul>



<h2 class="wp-block-heading">A magyar válogatottban</h2>



<p class="wp-block-paragraph">Tomaskovics Eszter már tinédzserként bekerült a magyar válogatottba, és rövid idő alatt a csapat egyik meghatározó centere lett.</p>



<p class="wp-block-paragraph">Legfontosabb eredményei:</p>



<ul class="wp-block-list">
<li>Világbajnok (Montréal, 2005)</li>



<li>Többszörös világ- és Európa-bajnoki résztvevő</li>



<li>A 2007-es és 2009-es világbajnokság magyar válogatott keretének tagja.</li>
</ul>



<p class="wp-block-paragraph">A montreali világbajnoki döntő máig pályafutása legnagyobb sikere. A hosszabbításban az Egyesült Államok ellen megnyert finálé legeredményesebb magyar játékosa volt három góllal, jelentős szerepet játszva a világbajnoki cím megszerzésében.</p>



<h2 class="wp-block-heading">A pályafutás lezárása</h2>



<p class="wp-block-paragraph">A 2008-as pekingi olimpiára végül nem került be a magyar válogatott keretébe, amit pályafutása egyik legnehezebb csalódásának nevezett. Nem sokkal később külföldre szerződött, majd a családalapítás mellett döntött, és visszavonult az élversenyzéstől.</p>



<h2 class="wp-block-heading">Visszatérés sportvezetőként</h2>



<p class="wp-block-paragraph">A versenyzői pályafutás után ismét Győrhöz kötötte a karrierjét.</p>



<h2 class="wp-block-heading">Vezetői szemlélete</h2>



<p class="wp-block-paragraph">Bár ritkán szerepel a nyilvánosság előtt, munkatársai szerint vezetőként különösen fontos számára:</p>



<ul class="wp-block-list">
<li>a csapatmunka;</li>



<li>a sportolók érdekeinek képviselete;</li>



<li>a jól szervezett háttérmunka;</li>



<li>az egyesület hosszú távú fejlődése.</li>
</ul>



<p class="wp-block-paragraph">Korábbi játékosként pontosan ismeri az élsportolók mindennapi kihívásait, amit vezetői munkájában is hasznosítani tud.</p>



<h2 class="wp-block-heading">Érdekesség</h2>



<p class="wp-block-paragraph">Kevesen tudják, hogy:</p>



<ul class="wp-block-list">
<li>Győrből indulva jutott el a világbajnoki címig;</li>



<li>mindössze <strong>17 éves volt</strong>, amikor tagja lett a 2005-ös világbajnok magyar válogatottnak;</li>



<li>a montreali döntő egyik hőseként három gólt szerzett a fináléban;</li>



<li>aktív pályafutása után hosszabb időre eltávolodott a vízilabdától, majd sportvezetőként tért vissza a győri klubhoz.</li>
</ul>



<h2 class="wp-block-heading">Miért tartják nagyra?</h2>



<p class="wp-block-paragraph">A magyar vízilabdában elsősorban azért becsülik, mert:</p>



<ul class="wp-block-list">
<li>világbajnok játékosként hiteles példaképe a fiatal sportolóknak;</li>



<li>Győrből indulva jutott el a nemzetközi élmezőnyig;</li>



<li>klubvezetőként is a győri vízisport fejlődését szolgálja;</li>



<li>játékosként és vezetőként egyaránt a közösségépítés és a szakmai munka híve.</li>
</ul>

<p>sportvezető-szervező</p>
