{"id":198,"date":"2026-07-25T23:06:23","date_gmt":"2026-07-25T23:06:23","guid":{"rendered":"https:\/\/pepe264.net3d.hu\/?page_id=198"},"modified":"2026-07-26T19:52:17","modified_gmt":"2026-07-26T19:52:17","slug":"klubsikerek","status":"publish","type":"page","link":"https:\/\/pepe264.net3d.hu\/?page_id=198","title":{"rendered":"A V\u00cdZILABDA GY\u0150RI SIKEREI DI\u00d3H\u00c9JBAN"},"content":{"rendered":"\n<h2 class=\"wp-block-heading\">2025\/26<\/h2>\n\n\n\n<ul class=\"wp-block-list\">\n<li>Duna Liga nemzetk\u00f6zi n\u0151i kupa &#8211; gy\u0151zelem veretlen\u00fcl<\/li>\n\n\n\n<li>Az els\u0151 id\u00e9ny a f\u00e9rfi OBI\/B-ben<\/li>\n\n\n\n<li>Final 8 szerepl\u00e9s az ifi \u00e9s a serd\u00fcl\u0151 le\u00e1ny bajnoks\u00e1gban<\/li>\n<\/ul>\n\n\n\n<h2 class=\"wp-block-heading\">2024\/25<\/h2>\n\n\n\n<ul class=\"wp-block-list\">\n<li>Els\u0151 hely a n\u0151i OB I\/B-s bajnoks\u00e1gban &#8211; feljut\u00e1s az els\u0151 oszt\u00e1lyba<\/li>\n\n\n\n<li>M\u00e1sodik hely a f\u00e9rfi OB II-es bajnoks\u00e1gban &#8211; feljut\u00e1s a m\u00e1sodoszt\u00e1lyba<\/li>\n\n\n\n<li>Final 8 szerepl\u00e9s \u00e9s bajnoki 6. helyez\u00e9s a serd\u00fcl\u0151 le\u00e1ny bajnoks\u00e1gban<\/li>\n<\/ul>\n\n\n\n<p class=\"wp-block-paragraph\"><\/p>\n","protected":false},"excerpt":{"rendered":"<p>2025\/26 2024\/25<\/p>\n","protected":false},"author":1,"featured_media":199,"parent":0,"menu_order":0,"comment_status":"closed","ping_status":"closed","template":"","meta":{"footnotes":""},"class_list":["post-198","page","type-page","status-publish","has-post-thumbnail","hentry"],"_links":{"self":[{"href":"https:\/\/pepe264.net3d.hu\/index.php?rest_route=\/wp\/v2\/pages\/198","targetHints":{"allow":["GET"]}}],"collection":[{"href":"https:\/\/pepe264.net3d.hu\/index.php?rest_route=\/wp\/v2\/pages"}],"about":[{"href":"https:\/\/pepe264.net3d.hu\/index.php?rest_route=\/wp\/v2\/types\/page"}],"author":[{"embeddable":true,"href":"https:\/\/pepe264.net3d.hu\/index.php?rest_route=\/wp\/v2\/users\/1"}],"replies":[{"embeddable":true,"href":"https:\/\/pepe264.net3d.hu\/index.php?rest_route=%2Fwp%2Fv2%2Fcomments&post=198"}],"version-history":[{"count":3,"href":"https:\/\/pepe264.net3d.hu\/index.php?rest_route=\/wp\/v2\/pages\/198\/revisions"}],"predecessor-version":[{"id":299,"href":"https:\/\/pepe264.net3d.hu\/index.php?rest_route=\/wp\/v2\/pages\/198\/revisions\/299"}],"wp:featuredmedia":[{"embeddable":true,"href":"https:\/\/pepe264.net3d.hu\/index.php?rest_route=\/wp\/v2\/media\/199"}],"wp:attachment":[{"href":"https:\/\/pepe264.net3d.hu\/index.php?rest_route=%2Fwp%2Fv2%2Fmedia&parent=198"}],"curies":[{"name":"wp","href":"https:\/\/api.w.org\/{rel}","templated":true}]}}

A VÍZILABDA GYŐRI SIKEREI DIÓHÉJBAN

<h2 class="wp-block-heading">2025/26</h2>



<ul class="wp-block-list">
<li>Duna Liga nemzetközi női kupa &#8211; győzelem veretlenül</li>



<li>Az első idény a férfi OBI/B-ben</li>



<li>Final 8 szereplés az ifi és a serdülő leány bajnokságban</li>
</ul>



<h2 class="wp-block-heading">2024/25</h2>



<ul class="wp-block-list">
<li>Első hely a női OB I/B-s bajnokságban &#8211; feljutás az első osztályba</li>



<li>Második hely a férfi OB II-es bajnokságban &#8211; feljutás a másodosztályba</li>



<li>Final 8 szereplés és bajnoki 6. helyezés a serdülő leány bajnokságban</li>
</ul>



<p class="wp-block-paragraph"></p>
